{"id":25,"date":"2021-02-01T20:34:42","date_gmt":"2021-02-01T19:34:42","guid":{"rendered":"https:\/\/www.zdenkinaruza.sk\/?page_id=25"},"modified":"2021-09-17T10:10:45","modified_gmt":"2021-09-17T08:10:45","slug":"dom-sestry-zdenky","status":"publish","type":"page","link":"https:\/\/d.r1.wbsprt.com\/zdenkinaruza.sk\/dom-sestry-zdenky\/","title":{"rendered":"Dom sestry Zdenky"},"content":{"rendered":"\n<div style=\"height:70px\" aria-hidden=\"true\" class=\"wp-block-spacer\"><\/div>\n\n\n\n<p>Budeme v\u010fa\u010dn\u00ed za ak\u00fdko\u013evek finan\u010dn\u00fd dar na rekon\u0161trukciou budovy, v ktorej bud\u00fa realizovan\u00e9 v\u0161etky aktivity pod\u013ea stanoven\u00fdch cie\u013eov. <\/p>\n\n\n\n<div style=\"height:20px\" aria-hidden=\"true\" class=\"wp-block-spacer\"><\/div>\n\n\n\n<p>Va\u0161e finan\u010dn\u00e9 pr\u00edspevky pros\u00edme posiela\u0165 na \u00fa\u010det, ktor\u00fd bol zriaden\u00fd na tento \u00fa\u010del:<\/p>\n\n\n\n<div class=\"wp-block-columns is-layout-flex wp-container-core-columns-is-layout-9d6595d7 wp-block-columns-is-layout-flex\">\n<div class=\"wp-block-column is-layout-flow wp-block-column-is-layout-flow\" style=\"flex-basis:25%\"><\/div>\n\n\n\n<div class=\"wp-block-column is-layout-flow wp-block-column-is-layout-flow\">\n<p><strong>IBAN: <\/strong>SK46 0200 0000 0029 3737 3198<br><strong>SWIFT (BIC):<\/strong> SUBASKBX<br><strong>Mena: <\/strong>EUR<br><strong>Variabiln\u00fd symbol:<\/strong> 650<br><strong>N\u00e1zov \u00fa\u010dtu:<\/strong> Kongreg\u00e1cia Milosrdn\u00fdch sestier Sv\u00e4t\u00e9ho kr\u00ed\u017ea<br><strong>Adresa:<\/strong> Ru\u017eov\u00e1 4, 917 02 Trnava<\/p>\n<\/div>\n\n\n\n<div class=\"wp-block-column is-layout-flow wp-block-column-is-layout-flow\" style=\"flex-basis:5%\"><\/div>\n<\/div>\n\n\n\n<div class=\"wp-block-columns is-layout-flex wp-container-core-columns-is-layout-9d6595d7 wp-block-columns-is-layout-flex\">\n<div class=\"wp-block-column is-layout-flow wp-block-column-is-layout-flow\" style=\"flex-basis:25%\"><\/div>\n\n\n\n<div class=\"wp-block-column is-layout-flow wp-block-column-is-layout-flow\">\n<h2 class=\"wp-block-heading\">\u010eakujeme<\/h2>\n\n\n\n<div style=\"height:20px\" aria-hidden=\"true\" class=\"wp-block-spacer\"><\/div>\n<\/div>\n\n\n\n<div class=\"wp-block-column is-layout-flow wp-block-column-is-layout-flow\" style=\"flex-basis:5%\"><\/div>\n<\/div>\n\n\n\n<h4 class=\"has-text-align-center wp-block-heading\">Aktu\u00e1lny stav Domu sestry Zdenky<\/h4>\n\n\n\n<figure class=\"wp-block-image size-large\"><img loading=\"lazy\" decoding=\"async\" width=\"1024\" height=\"577\" src=\"https:\/\/www.zdenkinaruza.sk\/wp-content\/uploads\/2021\/02\/dom-sestry-zdenky-povodny-stav-1024x577.jpg\" alt=\"\" class=\"wp-image-165\" srcset=\"https:\/\/d.r1.wbsprt.com\/zdenkinaruza.sk\/wp-content\/uploads\/2021\/02\/dom-sestry-zdenky-povodny-stav-1024x577.jpg 1024w, https:\/\/d.r1.wbsprt.com\/zdenkinaruza.sk\/wp-content\/uploads\/2021\/02\/dom-sestry-zdenky-povodny-stav-300x169.jpg 300w, https:\/\/d.r1.wbsprt.com\/zdenkinaruza.sk\/wp-content\/uploads\/2021\/02\/dom-sestry-zdenky-povodny-stav-768x433.jpg 768w, https:\/\/d.r1.wbsprt.com\/zdenkinaruza.sk\/wp-content\/uploads\/2021\/02\/dom-sestry-zdenky-povodny-stav-1536x866.jpg 1536w\" sizes=\"auto, (max-width: 1024px) 100vw, 1024px\" \/><\/figure>\n\n\n\n<div style=\"height:20px\" aria-hidden=\"true\" class=\"wp-block-spacer\"><\/div>\n\n\n\n<h4 class=\"has-text-align-center wp-block-heading\">V\u00edzia Domu sestry Zdenky  <\/h4>\n\n\n\n<figure class=\"wp-block-image size-large\"><img loading=\"lazy\" decoding=\"async\" width=\"1024\" height=\"724\" src=\"https:\/\/www.zdenkinaruza.sk\/wp-content\/uploads\/2021\/02\/dom-sestry-zdenky-plan-rekonstrukcie-1024x724.jpg\" alt=\"\" class=\"wp-image-166\" srcset=\"https:\/\/d.r1.wbsprt.com\/zdenkinaruza.sk\/wp-content\/uploads\/2021\/02\/dom-sestry-zdenky-plan-rekonstrukcie-1024x724.jpg 1024w, https:\/\/d.r1.wbsprt.com\/zdenkinaruza.sk\/wp-content\/uploads\/2021\/02\/dom-sestry-zdenky-plan-rekonstrukcie-300x212.jpg 300w, https:\/\/d.r1.wbsprt.com\/zdenkinaruza.sk\/wp-content\/uploads\/2021\/02\/dom-sestry-zdenky-plan-rekonstrukcie-768x543.jpg 768w, https:\/\/d.r1.wbsprt.com\/zdenkinaruza.sk\/wp-content\/uploads\/2021\/02\/dom-sestry-zdenky-plan-rekonstrukcie.jpg 1060w\" sizes=\"auto, (max-width: 1024px) 100vw, 1024px\" \/><\/figure>\n\n\n\n<div style=\"height:100px\" aria-hidden=\"true\" class=\"wp-block-spacer\"><\/div>\n\n\n\n<p><\/p>\n","protected":false},"excerpt":{"rendered":"<p>Budeme v\u010fa\u010dn\u00ed za ak\u00fdko\u013evek finan\u010dn\u00fd dar na rekon\u0161trukciou budovy, v ktorej bud\u00fa realizovan\u00e9 v\u0161etky aktivity pod\u013ea stanoven\u00fdch cie\u013eov. Va\u0161e finan\u010dn\u00e9 pr\u00edspevky pros\u00edme posiela\u0165 na \u00fa\u010det, ktor\u00fd bol zriaden\u00fd na tento \u00fa\u010del: IBAN: SK46 0200 0000 0029 3737 3198SWIFT (BIC): SUBASKBXMena: [&hellip;]<\/p>\n","protected":false},"author":1,"featured_media":0,"parent":0,"menu_order":0,"comment_status":"closed","ping_status":"closed","template":"","meta":{"_monsterinsights_skip_tracking":false,"_monsterinsights_sitenote_active":false,"_monsterinsights_sitenote_note":"","_monsterinsights_sitenote_category":0,"pgc_sgb_lightbox_settings":"","footnotes":""},"class_list":["post-25","page","type-page","status-publish","hentry"],"yoast_head":"<!-- This site is optimized with the Yoast SEO plugin v26.8 - https:\/\/yoast.com\/product\/yoast-seo-wordpress\/ -->\n<title>Dom sestry Zdenky - Zdenkina ru\u017ea<\/title>\n<meta name=\"robots\" content=\"index, follow, max-snippet:-1, max-image-preview:large, max-video-preview:-1\" \/>\n<link rel=\"canonical\" href=\"https:\/\/www.zdenkinaruza.sk\/dom-sestry-zdenky\/\" \/>\n<meta property=\"og:locale\" content=\"sk_SK\" \/>\n<meta property=\"og:type\" content=\"article\" \/>\n<meta property=\"og:title\" content=\"Dom sestry Zdenky - Zdenkina ru\u017ea\" \/>\n<meta property=\"og:description\" content=\"Budeme v\u010fa\u010dn\u00ed za ak\u00fdko\u013evek finan\u010dn\u00fd dar na rekon\u0161trukciou budovy, v ktorej bud\u00fa realizovan\u00e9 v\u0161etky aktivity pod\u013ea stanoven\u00fdch cie\u013eov. Va\u0161e finan\u010dn\u00e9 pr\u00edspevky pros\u00edme posiela\u0165 na \u00fa\u010det, ktor\u00fd bol zriaden\u00fd na tento \u00fa\u010del: IBAN: SK46 0200 0000 0029 3737 3198SWIFT (BIC): SUBASKBXMena: [&hellip;]\" \/>\n<meta property=\"og:url\" content=\"https:\/\/www.zdenkinaruza.sk\/dom-sestry-zdenky\/\" \/>\n<meta property=\"og:site_name\" content=\"Zdenkina ru\u017ea\" \/>\n<meta property=\"article:modified_time\" content=\"2021-09-17T08:10:45+00:00\" \/>\n<meta property=\"og:image\" content=\"https:\/\/www.zdenkinaruza.sk\/wp-content\/uploads\/2021\/02\/dom-sestry-zdenky-povodny-stav-1024x577.jpg\" \/>\n<meta name=\"twitter:card\" content=\"summary_large_image\" \/>\n<meta name=\"twitter:label1\" content=\"Predpokladan\u00fd \u010das \u010d\u00edtania\" \/>\n\t<meta name=\"twitter:data1\" content=\"1 min\u00fata\" \/>\n<script type=\"application\/ld+json\" class=\"yoast-schema-graph\">{\"@context\":\"https:\/\/schema.org\",\"@graph\":[{\"@type\":\"WebPage\",\"@id\":\"https:\/\/www.zdenkinaruza.sk\/dom-sestry-zdenky\/\",\"url\":\"https:\/\/www.zdenkinaruza.sk\/dom-sestry-zdenky\/\",\"name\":\"Dom sestry Zdenky - Zdenkina ru\u017ea\",\"isPartOf\":{\"@id\":\"https:\/\/www.zdenkinaruza.sk\/#website\"},\"primaryImageOfPage\":{\"@id\":\"https:\/\/www.zdenkinaruza.sk\/dom-sestry-zdenky\/#primaryimage\"},\"image\":{\"@id\":\"https:\/\/www.zdenkinaruza.sk\/dom-sestry-zdenky\/#primaryimage\"},\"thumbnailUrl\":\"https:\/\/www.zdenkinaruza.sk\/wp-content\/uploads\/2021\/02\/dom-sestry-zdenky-povodny-stav-1024x577.jpg\",\"datePublished\":\"2021-02-01T19:34:42+00:00\",\"dateModified\":\"2021-09-17T08:10:45+00:00\",\"breadcrumb\":{\"@id\":\"https:\/\/www.zdenkinaruza.sk\/dom-sestry-zdenky\/#breadcrumb\"},\"inLanguage\":\"sk-SK\",\"potentialAction\":[{\"@type\":\"ReadAction\",\"target\":[\"https:\/\/www.zdenkinaruza.sk\/dom-sestry-zdenky\/\"]}]},{\"@type\":\"ImageObject\",\"inLanguage\":\"sk-SK\",\"@id\":\"https:\/\/www.zdenkinaruza.sk\/dom-sestry-zdenky\/#primaryimage\",\"url\":\"https:\/\/www.zdenkinaruza.sk\/wp-content\/uploads\/2021\/02\/dom-sestry-zdenky-povodny-stav-1024x577.jpg\",\"contentUrl\":\"https:\/\/www.zdenkinaruza.sk\/wp-content\/uploads\/2021\/02\/dom-sestry-zdenky-povodny-stav-1024x577.jpg\"},{\"@type\":\"BreadcrumbList\",\"@id\":\"https:\/\/www.zdenkinaruza.sk\/dom-sestry-zdenky\/#breadcrumb\",\"itemListElement\":[{\"@type\":\"ListItem\",\"position\":1,\"name\":\"Home\",\"item\":\"https:\/\/www.zdenkinaruza.sk\/\"},{\"@type\":\"ListItem\",\"position\":2,\"name\":\"Dom sestry Zdenky\"}]},{\"@type\":\"WebSite\",\"@id\":\"https:\/\/www.zdenkinaruza.sk\/#website\",\"url\":\"https:\/\/www.zdenkinaruza.sk\/\",\"name\":\"Zdenkina ru\u017ea\",\"description\":\"Svetlo do va\u0161ich dn\u00ed\",\"potentialAction\":[{\"@type\":\"SearchAction\",\"target\":{\"@type\":\"EntryPoint\",\"urlTemplate\":\"https:\/\/www.zdenkinaruza.sk\/?s={search_term_string}\"},\"query-input\":{\"@type\":\"PropertyValueSpecification\",\"valueRequired\":true,\"valueName\":\"search_term_string\"}}],\"inLanguage\":\"sk-SK\"}]}<\/script>\n<!-- \/ Yoast SEO plugin. -->","yoast_head_json":{"title":"Dom sestry Zdenky - Zdenkina ru\u017ea","robots":{"index":"index","follow":"follow","max-snippet":"max-snippet:-1","max-image-preview":"max-image-preview:large","max-video-preview":"max-video-preview:-1"},"canonical":"https:\/\/www.zdenkinaruza.sk\/dom-sestry-zdenky\/","og_locale":"sk_SK","og_type":"article","og_title":"Dom sestry Zdenky - Zdenkina ru\u017ea","og_description":"Budeme v\u010fa\u010dn\u00ed za ak\u00fdko\u013evek finan\u010dn\u00fd dar na rekon\u0161trukciou budovy, v ktorej bud\u00fa realizovan\u00e9 v\u0161etky aktivity pod\u013ea stanoven\u00fdch cie\u013eov. Va\u0161e finan\u010dn\u00e9 pr\u00edspevky pros\u00edme posiela\u0165 na \u00fa\u010det, ktor\u00fd bol zriaden\u00fd na tento \u00fa\u010del: IBAN: SK46 0200 0000 0029 3737 3198SWIFT (BIC): SUBASKBXMena: [&hellip;]","og_url":"https:\/\/www.zdenkinaruza.sk\/dom-sestry-zdenky\/","og_site_name":"Zdenkina ru\u017ea","article_modified_time":"2021-09-17T08:10:45+00:00","og_image":[{"url":"https:\/\/www.zdenkinaruza.sk\/wp-content\/uploads\/2021\/02\/dom-sestry-zdenky-povodny-stav-1024x577.jpg","type":"","width":"","height":""}],"twitter_card":"summary_large_image","twitter_misc":{"Predpokladan\u00fd \u010das \u010d\u00edtania":"1 min\u00fata"},"schema":{"@context":"https:\/\/schema.org","@graph":[{"@type":"WebPage","@id":"https:\/\/www.zdenkinaruza.sk\/dom-sestry-zdenky\/","url":"https:\/\/www.zdenkinaruza.sk\/dom-sestry-zdenky\/","name":"Dom sestry Zdenky - Zdenkina ru\u017ea","isPartOf":{"@id":"https:\/\/www.zdenkinaruza.sk\/#website"},"primaryImageOfPage":{"@id":"https:\/\/www.zdenkinaruza.sk\/dom-sestry-zdenky\/#primaryimage"},"image":{"@id":"https:\/\/www.zdenkinaruza.sk\/dom-sestry-zdenky\/#primaryimage"},"thumbnailUrl":"https:\/\/www.zdenkinaruza.sk\/wp-content\/uploads\/2021\/02\/dom-sestry-zdenky-povodny-stav-1024x577.jpg","datePublished":"2021-02-01T19:34:42+00:00","dateModified":"2021-09-17T08:10:45+00:00","breadcrumb":{"@id":"https:\/\/www.zdenkinaruza.sk\/dom-sestry-zdenky\/#breadcrumb"},"inLanguage":"sk-SK","potentialAction":[{"@type":"ReadAction","target":["https:\/\/www.zdenkinaruza.sk\/dom-sestry-zdenky\/"]}]},{"@type":"ImageObject","inLanguage":"sk-SK","@id":"https:\/\/www.zdenkinaruza.sk\/dom-sestry-zdenky\/#primaryimage","url":"https:\/\/www.zdenkinaruza.sk\/wp-content\/uploads\/2021\/02\/dom-sestry-zdenky-povodny-stav-1024x577.jpg","contentUrl":"https:\/\/www.zdenkinaruza.sk\/wp-content\/uploads\/2021\/02\/dom-sestry-zdenky-povodny-stav-1024x577.jpg"},{"@type":"BreadcrumbList","@id":"https:\/\/www.zdenkinaruza.sk\/dom-sestry-zdenky\/#breadcrumb","itemListElement":[{"@type":"ListItem","position":1,"name":"Home","item":"https:\/\/www.zdenkinaruza.sk\/"},{"@type":"ListItem","position":2,"name":"Dom sestry Zdenky"}]},{"@type":"WebSite","@id":"https:\/\/www.zdenkinaruza.sk\/#website","url":"https:\/\/www.zdenkinaruza.sk\/","name":"Zdenkina ru\u017ea","description":"Svetlo do va\u0161ich dn\u00ed","potentialAction":[{"@type":"SearchAction","target":{"@type":"EntryPoint","urlTemplate":"https:\/\/www.zdenkinaruza.sk\/?s={search_term_string}"},"query-input":{"@type":"PropertyValueSpecification","valueRequired":true,"valueName":"search_term_string"}}],"inLanguage":"sk-SK"}]}},"_links":{"self":[{"href":"https:\/\/d.r1.wbsprt.com\/zdenkinaruza.sk\/wp-json\/wp\/v2\/pages\/25","targetHints":{"allow":["GET"]}}],"collection":[{"href":"https:\/\/d.r1.wbsprt.com\/zdenkinaruza.sk\/wp-json\/wp\/v2\/pages"}],"about":[{"href":"https:\/\/d.r1.wbsprt.com\/zdenkinaruza.sk\/wp-json\/wp\/v2\/types\/page"}],"author":[{"embeddable":true,"href":"https:\/\/d.r1.wbsprt.com\/zdenkinaruza.sk\/wp-json\/wp\/v2\/users\/1"}],"replies":[{"embeddable":true,"href":"https:\/\/d.r1.wbsprt.com\/zdenkinaruza.sk\/wp-json\/wp\/v2\/comments?post=25"}],"version-history":[{"count":6,"href":"https:\/\/d.r1.wbsprt.com\/zdenkinaruza.sk\/wp-json\/wp\/v2\/pages\/25\/revisions"}],"predecessor-version":[{"id":466,"href":"https:\/\/d.r1.wbsprt.com\/zdenkinaruza.sk\/wp-json\/wp\/v2\/pages\/25\/revisions\/466"}],"wp:attachment":[{"href":"https:\/\/d.r1.wbsprt.com\/zdenkinaruza.sk\/wp-json\/wp\/v2\/media?parent=25"}],"curies":[{"name":"wp","href":"https:\/\/api.w.org\/{rel}","templated":true}]}}