{"id":19,"date":"2021-02-01T20:30:42","date_gmt":"2021-02-01T19:30:42","guid":{"rendered":"https:\/\/www.zdenkinaruza.sk\/?page_id=19"},"modified":"2021-09-17T10:07:54","modified_gmt":"2021-09-17T08:07:54","slug":"o-nas","status":"publish","type":"page","link":"https:\/\/d.r1.wbsprt.com\/zdenkinaruza.sk\/o-nas\/","title":{"rendered":"O n\u00e1s"},"content":{"rendered":"\n<div style=\"height:70px\" aria-hidden=\"true\" class=\"wp-block-spacer\"><\/div>\n\n\n\n<p>Stanoven\u00e9 aktivity pl\u00e1nujeme realizova\u0165 v prospech prich\u00e1dzaj\u00facich miestnej komunity ob\u010danov a prich\u00e1dzaj\u00facich n\u00e1v\u0161tevn\u00edkov do are\u00e1lu Milosrdn\u00fdch sestier Sv\u00e4t\u00e9ho kr\u00ed\u017ea v Podunajsk\u00fdch Biskupiciach.<\/p>\n\n\n\n<div style=\"height:20px\" aria-hidden=\"true\" class=\"wp-block-spacer\"><\/div>\n\n\n\n<p>Podunajsk\u00e9 Biskupice &#8211; mestsk\u00e1 \u010das\u0165 Bratislavy, s\u00fa vz\u00e1cnym miestom pre Milosrdn\u00e9 sestry Sv\u00e4t\u00e9ho kr\u00ed\u017ea v Slovenskej provincii. Tu bol v roku 1922 zriaden\u00fd prv\u00fd provinci\u00e1lny dom (k\u00fapou ka\u0161tie\u013ea gr\u00f3fa Dra\u017ekovi\u010da s pri\u013eahlou z\u00e1hradou) a do roku 1950 sa dostavali \u010fal\u0161ie budovy potrebn\u00e9 pre \u017eivot sestier a provincie.<\/p>\n\n\n\n<div style=\"height:20px\" aria-hidden=\"true\" class=\"wp-block-spacer\"><\/div>\n\n\n\n<p>Totalitn\u00fd re\u017eim v\u0161etko zo\u0161t\u00e1tnil a sestry boli z kl\u00e1\u0161tora n\u00e1silne vyvezen\u00e9 na r\u00f4zne miesta b\u00fdval\u00e9ho \u010ceskoslovenska. Po mnohoro\u010dnom rie\u0161en\u00ed majetkov\u00e9ho sporu po 60-tich rokoch vr\u00e1til \u0161t\u00e1t re\u0161tit\u00faciou d\u0148a 2. 5. 2017 sp\u00e4\u0165 budovy (v dezol\u00e1tnom stave) a \u010das\u0165 pozemku. Po 50-tich rokoch od postavenia bol 13. 6. 1992 po kompletnej rekon\u0161trukcii konsekrovan\u00fd reho\u013en\u00fd kostol zasv\u00e4ten\u00fd Sv\u00e4t\u00e9mu kr\u00ed\u017eu.<\/p>\n\n\n\n<div style=\"height:20px\" aria-hidden=\"true\" class=\"wp-block-spacer\"><\/div>\n\n\n\n<p>V tomto znamen\u00ed vykvitla do duchovnej kr\u00e1sy jedna zo sestier Sv\u00e4t\u00e9ho kr\u00ed\u017ea &#8211; mu\u010denica sestra Zdenka, vlastn\u00fdm menom Cec\u00edlia Schelingov\u00e1. 14. 9. 2003 bola p\u00e1pe\u017eom sv\u00e4t\u00fdm J\u00e1nom Pavlom II. vyhl\u00e1sen\u00e1 za blahoslaven\u00fa a za hlavn\u00e9 miesto jej \u00facty sa stal pr\u00e1ve Kostol Pov\u00fd\u0161enia Sv\u00e4t\u00e9ho kr\u00ed\u017ea, kde s\u00fa ulo\u017een\u00e9 relikvie blahoslavenej Zdenky v mramorovom relikvi\u00e1ri v podobe st\u013apa, na ktorom je socha sestry Zdenky.<\/p>\n\n\n\n<div style=\"height:20px\" aria-hidden=\"true\" class=\"wp-block-spacer\"><\/div>\n\n\n\n<h3 class=\"wp-block-heading\">A pre\u010do n\u00e1zov Zdenkina ru\u017ea?<\/h3>\n\n\n\n<p>Ke\u010f sa bl\u00ed\u017eil koniec \u017eivota sestry Zdenky, e\u0161te vo v\u00e4zen\u00ed poprosila svoju spoluv\u00e4zenky\u0148u pani Helenu Kordov\u00fa:<\/p>\n\n\n\n<blockquote class=\"wp-block-quote is-layout-flow wp-block-quote-is-layout-flow\"><p><strong>&#8222;Ty raz bude\u0161 slobodn\u00e1 a ke\u010f sa tak stane, pr\u00ed\u010f na m\u00f4j hrob a polo\u017e na\u0148 kyticu bielych ru\u017e\u00ed, ve\u013emi ich m\u00e1m rada&#8220;.<\/strong><\/p><\/blockquote>\n\n\n\n<p>V roku 1994 po n\u00e1vrate z emigr\u00e1cie pani Kordov\u00e1 splnila svoj s\u013eub.<\/p>\n\n\n\n<div style=\"height:100px\" aria-hidden=\"true\" class=\"wp-block-spacer\"><\/div>\n","protected":false},"excerpt":{"rendered":"<p>Stanoven\u00e9 aktivity pl\u00e1nujeme realizova\u0165 v prospech prich\u00e1dzaj\u00facich miestnej komunity ob\u010danov a prich\u00e1dzaj\u00facich n\u00e1v\u0161tevn\u00edkov do are\u00e1lu Milosrdn\u00fdch sestier Sv\u00e4t\u00e9ho kr\u00ed\u017ea v Podunajsk\u00fdch Biskupiciach. Podunajsk\u00e9 Biskupice &#8211; mestsk\u00e1 \u010das\u0165 Bratislavy, s\u00fa vz\u00e1cnym miestom pre Milosrdn\u00e9 sestry Sv\u00e4t\u00e9ho kr\u00ed\u017ea v Slovenskej provincii. Tu [&hellip;]<\/p>\n","protected":false},"author":1,"featured_media":0,"parent":0,"menu_order":0,"comment_status":"closed","ping_status":"closed","template":"","meta":{"_monsterinsights_skip_tracking":false,"_monsterinsights_sitenote_active":false,"_monsterinsights_sitenote_note":"","_monsterinsights_sitenote_category":0,"pgc_sgb_lightbox_settings":"","footnotes":""},"class_list":["post-19","page","type-page","status-publish","hentry"],"yoast_head":"<!-- This site is optimized with the Yoast SEO plugin v26.8 - https:\/\/yoast.com\/product\/yoast-seo-wordpress\/ -->\n<title>O n\u00e1s - Zdenkina ru\u017ea<\/title>\n<meta name=\"robots\" content=\"index, follow, max-snippet:-1, max-image-preview:large, max-video-preview:-1\" \/>\n<link rel=\"canonical\" href=\"https:\/\/www.zdenkinaruza.sk\/o-nas\/\" \/>\n<meta property=\"og:locale\" content=\"sk_SK\" \/>\n<meta property=\"og:type\" content=\"article\" \/>\n<meta property=\"og:title\" content=\"O n\u00e1s - Zdenkina ru\u017ea\" \/>\n<meta property=\"og:description\" content=\"Stanoven\u00e9 aktivity pl\u00e1nujeme realizova\u0165 v prospech prich\u00e1dzaj\u00facich miestnej komunity ob\u010danov a prich\u00e1dzaj\u00facich n\u00e1v\u0161tevn\u00edkov do are\u00e1lu Milosrdn\u00fdch sestier Sv\u00e4t\u00e9ho kr\u00ed\u017ea v Podunajsk\u00fdch Biskupiciach. Podunajsk\u00e9 Biskupice &#8211; mestsk\u00e1 \u010das\u0165 Bratislavy, s\u00fa vz\u00e1cnym miestom pre Milosrdn\u00e9 sestry Sv\u00e4t\u00e9ho kr\u00ed\u017ea v Slovenskej provincii. Tu [&hellip;]\" \/>\n<meta property=\"og:url\" content=\"https:\/\/www.zdenkinaruza.sk\/o-nas\/\" \/>\n<meta property=\"og:site_name\" content=\"Zdenkina ru\u017ea\" \/>\n<meta property=\"article:modified_time\" content=\"2021-09-17T08:07:54+00:00\" \/>\n<meta name=\"twitter:card\" content=\"summary_large_image\" \/>\n<meta name=\"twitter:label1\" content=\"Predpokladan\u00fd \u010das \u010d\u00edtania\" \/>\n\t<meta name=\"twitter:data1\" content=\"2 min\u00faty\" \/>\n<script type=\"application\/ld+json\" class=\"yoast-schema-graph\">{\"@context\":\"https:\/\/schema.org\",\"@graph\":[{\"@type\":\"WebPage\",\"@id\":\"https:\/\/www.zdenkinaruza.sk\/o-nas\/\",\"url\":\"https:\/\/www.zdenkinaruza.sk\/o-nas\/\",\"name\":\"O n\u00e1s - Zdenkina ru\u017ea\",\"isPartOf\":{\"@id\":\"https:\/\/www.zdenkinaruza.sk\/#website\"},\"datePublished\":\"2021-02-01T19:30:42+00:00\",\"dateModified\":\"2021-09-17T08:07:54+00:00\",\"breadcrumb\":{\"@id\":\"https:\/\/www.zdenkinaruza.sk\/o-nas\/#breadcrumb\"},\"inLanguage\":\"sk-SK\",\"potentialAction\":[{\"@type\":\"ReadAction\",\"target\":[\"https:\/\/www.zdenkinaruza.sk\/o-nas\/\"]}]},{\"@type\":\"BreadcrumbList\",\"@id\":\"https:\/\/www.zdenkinaruza.sk\/o-nas\/#breadcrumb\",\"itemListElement\":[{\"@type\":\"ListItem\",\"position\":1,\"name\":\"Home\",\"item\":\"https:\/\/www.zdenkinaruza.sk\/\"},{\"@type\":\"ListItem\",\"position\":2,\"name\":\"O n\u00e1s\"}]},{\"@type\":\"WebSite\",\"@id\":\"https:\/\/www.zdenkinaruza.sk\/#website\",\"url\":\"https:\/\/www.zdenkinaruza.sk\/\",\"name\":\"Zdenkina ru\u017ea\",\"description\":\"Svetlo do va\u0161ich dn\u00ed\",\"potentialAction\":[{\"@type\":\"SearchAction\",\"target\":{\"@type\":\"EntryPoint\",\"urlTemplate\":\"https:\/\/www.zdenkinaruza.sk\/?s={search_term_string}\"},\"query-input\":{\"@type\":\"PropertyValueSpecification\",\"valueRequired\":true,\"valueName\":\"search_term_string\"}}],\"inLanguage\":\"sk-SK\"}]}<\/script>\n<!-- \/ Yoast SEO plugin. -->","yoast_head_json":{"title":"O n\u00e1s - Zdenkina ru\u017ea","robots":{"index":"index","follow":"follow","max-snippet":"max-snippet:-1","max-image-preview":"max-image-preview:large","max-video-preview":"max-video-preview:-1"},"canonical":"https:\/\/www.zdenkinaruza.sk\/o-nas\/","og_locale":"sk_SK","og_type":"article","og_title":"O n\u00e1s - Zdenkina ru\u017ea","og_description":"Stanoven\u00e9 aktivity pl\u00e1nujeme realizova\u0165 v prospech prich\u00e1dzaj\u00facich miestnej komunity ob\u010danov a prich\u00e1dzaj\u00facich n\u00e1v\u0161tevn\u00edkov do are\u00e1lu Milosrdn\u00fdch sestier Sv\u00e4t\u00e9ho kr\u00ed\u017ea v Podunajsk\u00fdch Biskupiciach. Podunajsk\u00e9 Biskupice &#8211; mestsk\u00e1 \u010das\u0165 Bratislavy, s\u00fa vz\u00e1cnym miestom pre Milosrdn\u00e9 sestry Sv\u00e4t\u00e9ho kr\u00ed\u017ea v Slovenskej provincii. Tu [&hellip;]","og_url":"https:\/\/www.zdenkinaruza.sk\/o-nas\/","og_site_name":"Zdenkina ru\u017ea","article_modified_time":"2021-09-17T08:07:54+00:00","twitter_card":"summary_large_image","twitter_misc":{"Predpokladan\u00fd \u010das \u010d\u00edtania":"2 min\u00faty"},"schema":{"@context":"https:\/\/schema.org","@graph":[{"@type":"WebPage","@id":"https:\/\/www.zdenkinaruza.sk\/o-nas\/","url":"https:\/\/www.zdenkinaruza.sk\/o-nas\/","name":"O n\u00e1s - Zdenkina ru\u017ea","isPartOf":{"@id":"https:\/\/www.zdenkinaruza.sk\/#website"},"datePublished":"2021-02-01T19:30:42+00:00","dateModified":"2021-09-17T08:07:54+00:00","breadcrumb":{"@id":"https:\/\/www.zdenkinaruza.sk\/o-nas\/#breadcrumb"},"inLanguage":"sk-SK","potentialAction":[{"@type":"ReadAction","target":["https:\/\/www.zdenkinaruza.sk\/o-nas\/"]}]},{"@type":"BreadcrumbList","@id":"https:\/\/www.zdenkinaruza.sk\/o-nas\/#breadcrumb","itemListElement":[{"@type":"ListItem","position":1,"name":"Home","item":"https:\/\/www.zdenkinaruza.sk\/"},{"@type":"ListItem","position":2,"name":"O n\u00e1s"}]},{"@type":"WebSite","@id":"https:\/\/www.zdenkinaruza.sk\/#website","url":"https:\/\/www.zdenkinaruza.sk\/","name":"Zdenkina ru\u017ea","description":"Svetlo do va\u0161ich dn\u00ed","potentialAction":[{"@type":"SearchAction","target":{"@type":"EntryPoint","urlTemplate":"https:\/\/www.zdenkinaruza.sk\/?s={search_term_string}"},"query-input":{"@type":"PropertyValueSpecification","valueRequired":true,"valueName":"search_term_string"}}],"inLanguage":"sk-SK"}]}},"_links":{"self":[{"href":"https:\/\/d.r1.wbsprt.com\/zdenkinaruza.sk\/wp-json\/wp\/v2\/pages\/19","targetHints":{"allow":["GET"]}}],"collection":[{"href":"https:\/\/d.r1.wbsprt.com\/zdenkinaruza.sk\/wp-json\/wp\/v2\/pages"}],"about":[{"href":"https:\/\/d.r1.wbsprt.com\/zdenkinaruza.sk\/wp-json\/wp\/v2\/types\/page"}],"author":[{"embeddable":true,"href":"https:\/\/d.r1.wbsprt.com\/zdenkinaruza.sk\/wp-json\/wp\/v2\/users\/1"}],"replies":[{"embeddable":true,"href":"https:\/\/d.r1.wbsprt.com\/zdenkinaruza.sk\/wp-json\/wp\/v2\/comments?post=19"}],"version-history":[{"count":6,"href":"https:\/\/d.r1.wbsprt.com\/zdenkinaruza.sk\/wp-json\/wp\/v2\/pages\/19\/revisions"}],"predecessor-version":[{"id":463,"href":"https:\/\/d.r1.wbsprt.com\/zdenkinaruza.sk\/wp-json\/wp\/v2\/pages\/19\/revisions\/463"}],"wp:attachment":[{"href":"https:\/\/d.r1.wbsprt.com\/zdenkinaruza.sk\/wp-json\/wp\/v2\/media?parent=19"}],"curies":[{"name":"wp","href":"https:\/\/api.w.org\/{rel}","templated":true}]}}