{"id":880,"date":"2021-07-28T13:22:53","date_gmt":"2021-07-28T11:22:53","guid":{"rendered":"https:\/\/d.r1.wbsprt.com\/spnz.sk\/?page_id=880"},"modified":"2021-07-29T10:03:37","modified_gmt":"2021-07-29T08:03:37","slug":"zrusene-tpp","status":"publish","type":"page","link":"https:\/\/d.r1.wbsprt.com\/spnz.sk\/zrusene-tpp\/","title":{"rendered":"ZRU\u0160EN\u00c9 TPP"},"content":{"rendered":"<div class=\"row\"  id=\"row-531069471\">\n<div class=\"col small-12 large-12\"  ><div class=\"col-inner\"  >\n<h2 class=\"uppercase text-center\">ZRU\u0160EN\u00c9 TPP<\/h2>\n<div class=\"text-center\"><div class=\"is-divider divider clearfix\" style=\"background-color:rgb(3, 78, 162);\"><\/div><\/div><!-- .divider -->\n\n<table id=\"tablepress-7\" class=\"tablepress tablepress-id-7\">\n<thead>\n<tr class=\"row-1\">\n\t<th class=\"column-1\">TPP<\/th><th class=\"column-2\">Popis<\/th>\n<\/tr>\n<\/thead>\n<tbody class=\"row-striping row-hover\">\n<tr class=\"row-2\">\n\t<td class=\"column-1\">TPP 704 01<\/td><td class=\"column-2\">z r. 2009 Odbern\u00e9 zariadenia na zemn\u00fd plyn v budov\u00e1ch (TPP je zru\u0161en\u00e9, v plnej miere ho nahr\u00e1dza nov\u00e9 vydanie TPP 704 01 - R1, vydan\u00e9 v roku 2026)<\/td>\n<\/tr>\n<tr class=\"row-3\">\n\t<td class=\"column-1\">TPP 702 10 - R3<\/td><td class=\"column-2\">z r. 2020 Plynovody a pr\u00edpojky s vysok\u00fdm tlakom (TPP je zru\u0161en\u00e9, v plnej miere ho nahr\u00e1dza nov\u00e9 vydanie TPP 702 10 - R4, vydan\u00e9 v roku 2025)<\/td>\n<\/tr>\n<tr class=\"row-4\">\n\t<td class=\"column-1\">TPP 902 01<\/td><td class=\"column-2\">z r. 2006 Vlastnosti zemn\u00e9ho plynu (TPP je zru\u0161en\u00e9, v plnej miere ho nahr\u00e1dza nov\u00e9 vydanie TPP 902 01 - R1, vydan\u00e9 v roku 2025)<\/td>\n<\/tr>\n<tr class=\"row-5\">\n\t<td class=\"column-1\">TPP 609 02<\/td><td class=\"column-2\">z r. 2013 Regula\u010dn\u00e9 zostavy  pre uli\u010dn\u00e9 plynovody  (TPP je zru\u0161en\u00e9, v plnej miere ho nahr\u00e1dza nov\u00e9 vydanie TPP 609 02 - R1, vydan\u00e9 v roku 2021)<\/td>\n<\/tr>\n<tr class=\"row-6\">\n\t<td class=\"column-1\">TPP 918 01<\/td><td class=\"column-2\">z r. 2015 Odoriz\u00e1cia zemn\u00e9ho plynu (Rev\u00edzia 2) (TPP je zru\u0161en\u00e9, v plnej miere ho nahr\u00e1dza nov\u00e9 vydanie TPP 918 01, vydan\u00e9 v roku 2020)<\/td>\n<\/tr>\n<tr class=\"row-7\">\n\t<td class=\"column-1\">TPP 702 10<\/td><td class=\"column-2\">z r. 2017 Plynovody a pr\u00edpojky s vysok\u00fdm tlakom (Rev\u00edzia 2)  (TPP je zru\u0161en\u00e9, v plnej miere ho nahradilo nov\u00e9 vydanie TPP 702 10, vydan\u00e9 v r. 2020)<\/td>\n<\/tr>\n<tr class=\"row-8\">\n\t<td class=\"column-1\">TPP 906 01<\/td><td class=\"column-2\">z r. 2012 Po\u017eiadavky na umiest\u0148ovanie stavieb v ochrann\u00fdch a bezpe\u010dnostn\u00fdch p\u00e1smach distribu\u010dn\u00fdch siet\u00ed (TPP bolo nahraden\u00e9 nov\u00fdm vydan\u00edm TPP 906 01 v r. 2017)<\/td>\n<\/tr>\n<tr class=\"row-9\">\n\t<td class=\"column-1\">TPP 702 10<\/td><td class=\"column-2\">z r. 2016 Plynovody a pr\u00edpojky s vysok\u00fdm tlakom (TPP je zru\u0161en\u00e9, v plnej miere ho nahradilo nov\u00e9 vydanie TPP 702 10, vydan\u00e9 v r. 2017)<\/td>\n<\/tr>\n<tr class=\"row-10\">\n\t<td class=\"column-1\">TPP 702 10<\/td><td class=\"column-2\">z r. 2009 Plynovody a pr\u00edpojky s vysok\u00fdm tlakom (TPP je zru\u0161en\u00e9, v plnej miere ho nahradilo nov\u00e9 vydanie TPP 702 10, vydan\u00e9 v r. 2016)<\/td>\n<\/tr>\n<tr class=\"row-11\">\n\t<td class=\"column-1\">TPP 702 10<\/td><td class=\"column-2\">z r. 2009 Plynovody a pr\u00edpojky s vysok\u00fdm tlakom (TPP je zru\u0161en\u00e9, v plnej miere ho nahradilo nov\u00e9 vydanie TPP 702 10, vydan\u00e9 v r. 2016)<\/td>\n<\/tr>\n<tr class=\"row-12\">\n\t<td class=\"column-1\">TPP 403 02<\/td><td class=\"column-2\">z r. 2001 Motorov\u00e9 vozidl\u00e1 na pohon stla\u010den\u00fdm zemn\u00fdm plynom (CNG) (TPP je zru\u0161en\u00e9 bez n\u00e1hrady)<\/td>\n<\/tr>\n<tr class=\"row-13\">\n\t<td class=\"column-1\">TPP 605 02<\/td><td class=\"column-2\">z r. 2002 Regula\u010dn\u00e9 stanice plynu na prepravu a distrib\u00faciu (TPP bolo revidovan\u00e9 v r. 2015)<\/td>\n<\/tr>\n<tr class=\"row-14\">\n\t<td class=\"column-1\">TPP 702 04<\/td><td class=\"column-2\">z r. 2004 Opravy plynovodov s prev\u00e1dzkov\u00fdm tlakom do 400 KPa vr\u00e1tane (TPP bolo nahraden\u00e9 nov\u00fdm vydan\u00edm TPP 702 04 v r. 2014)<\/td>\n<\/tr>\n<tr class=\"row-15\">\n\t<td class=\"column-1\">TPP 702 12<\/td><td class=\"column-2\">z r . 2011 Domov\u00e9 pr\u00edpojky z ocele a polyetyl\u00e9nu (TPP bolo revidovan\u00ed v r. 2014)<\/td>\n<\/tr>\n<tr class=\"row-16\">\n\t<td class=\"column-1\">TPP 702 01<\/td><td class=\"column-2\">z r. 2012 Plynovody a pr\u00edpojky z polyetyl\u00e9nu (TPP bolo revidovan\u00e9 v r. 2014)<\/td>\n<\/tr>\n<tr class=\"row-17\">\n\t<td class=\"column-1\">TPP 916 01<\/td><td class=\"column-2\">z r. 2004 Prev\u00e1dzka a \u00fadr\u017eba plyn\u00e1rensk\u00fdch zariaden\u00ed. V\u0161eobecn\u00e9 z\u00e1sady (TPP bolo revidovan\u00e9 v r. 2014)<\/td>\n<\/tr>\n<tr class=\"row-18\">\n\t<td class=\"column-1\">TPP 811 01<\/td><td class=\"column-2\">z r. 2001 Kogenera\u010dn\u00e9 jednotky na plynn\u00e9 paliv\u00e1 (TPP bolo revidovan\u00e9 v r. 2014)<\/td>\n<\/tr>\n<tr class=\"row-19\">\n\t<td class=\"column-1\">TPP 935 01<\/td><td class=\"column-2\">z r. 2003 Trasov\u00e9 uz\u00e1very plynovodov z oce\u013eov\u00fdch r\u00far (TPP bolo revidovan\u00e9 v r. 2013)<\/td>\n<\/tr>\n<tr class=\"row-20\">\n\t<td class=\"column-1\">TPP 701 03<\/td><td class=\"column-2\">z r. 2003 Technick\u00e9 a bezpe\u010dnostn\u00e9 podmienky na pr\u00e1ce vykon\u00e1van\u00e9 v ochrannom p\u00e1sme vysokotlakov\u00fdch plynovodov (TPP bolo revidovan\u00e9 v r. 2013)<\/td>\n<\/tr>\n<tr class=\"row-21\">\n\t<td class=\"column-1\">TPP 304 02<\/td><td class=\"column-2\">z r. 2001 Plniace stanice CNG pre motorov\u00e9 vozidl\u00e1 (TPP bolo revidovan\u00e9 v r.2013)<\/td>\n<\/tr>\n<tr class=\"row-22\">\n\t<td class=\"column-1\">TPP 923 01<\/td><td class=\"column-2\">z r. 2005 Kvalifika\u010dn\u00e9 krit\u00e9ri\u00e1 pre organiz\u00e1cie na v\u00fdstavbu plynovodov (TPP bolo nahraden\u00e9 nov\u00fdm vydan\u00edm TPP 923 01 v r. 2012)<\/td>\n<\/tr>\n<tr class=\"row-23\">\n\t<td class=\"column-1\">TPP 906 01<\/td><td class=\"column-2\">z r. 2009 Po\u017eiadavky na umiest\u0148ovanie stavieb v ochrann\u00fdch a bezpe\u010dnostn\u00fdch p\u00e1smach distribu\u010dn\u00fdch siet\u00ed (TPP bolo nahraden\u00e9 nov\u00fdm vydan\u00edm TPP 906 01 v r. 2012)<\/td>\n<\/tr>\n<tr class=\"row-24\">\n\t<td class=\"column-1\">TPP 704 01<\/td><td class=\"column-2\">z r. 2001 Odbern\u00e9 plynov\u00e9 zariadenia na zemn\u00fd plyn v budov\u00e1ch (TPP bolo revidovan\u00e9 v r. 2009)<\/td>\n<\/tr>\n<tr class=\"row-25\">\n\t<td class=\"column-1\">TPP 702 01<\/td><td class=\"column-2\">z r. 2002 Plynovody a pr\u00edpojky z polyetyl\u00e9nu (TPP bolo revidovan\u00e9 v r. 2012)<\/td>\n<\/tr>\n<tr class=\"row-26\">\n\t<td class=\"column-1\">TPP 918 01<\/td><td class=\"column-2\">z r. 2003 a z r. 2011 Odoriz\u00e1cia zemn\u00e9ho plynu (TPP bolo revidovan\u00e9 v r. 2014)<\/td>\n<\/tr>\n<tr class=\"row-27\">\n\t<td class=\"column-1\">TPP 702 03<\/td><td class=\"column-2\">z r. 2004 Kontrola plynovodov a plynov\u00fdch pr\u00edpojok s prev\u00e1dzkov\u00fdm tlakom do 400 kPa (TPP v plnej miere nahr\u00e1dza TPP 702 13 Kontrola tesnosti distribu\u010dnej siete, vydan\u00e9 v r. 2012)<\/td>\n<\/tr>\n<tr class=\"row-28\">\n\t<td class=\"column-1\">TPP 702 05<\/td><td class=\"column-2\">z r. 2004 Posudzovanie \u00fanikov na plynovodoch a plynovodn\u00fdch pr\u00edpojk\u00e1ch s prev\u00e1dzkov\u00fdm tlakom do 400 kPa (TPP v plnej miere nahr\u00e1dza TPP 702 13 Kontrola tesnosti distribu\u010dnej siete, vydan\u00e9 v r. 2012)<\/td>\n<\/tr>\n<\/tbody>\n<\/table>\n<!-- #tablepress-7 from cache -->\n<\/div><\/div>\n<\/div>\n","protected":false},"excerpt":{"rendered":"","protected":false},"author":1,"featured_media":0,"parent":0,"menu_order":0,"comment_status":"closed","ping_status":"closed","template":"","meta":{"inline_featured_image":false,"_uag_custom_page_level_css":"","footnotes":""},"class_list":["post-880","page","type-page","status-publish","hentry"],"yoast_head":"<!-- This site is optimized with the Yoast SEO plugin v24.7 - https:\/\/yoast.com\/wordpress\/plugins\/seo\/ -->\n<title>ZRU\u0160EN\u00c9 TPP - Slovensk\u00fd plyn\u00e1rensk\u00fd a naftov\u00fd zv\u00e4z<\/title>\n<meta name=\"robots\" content=\"index, follow, max-snippet:-1, max-image-preview:large, max-video-preview:-1\" \/>\n<link rel=\"canonical\" href=\"https:\/\/www.spnz.sk\/zrusene-tpp\/\" \/>\n<meta property=\"og:locale\" content=\"sk_SK\" \/>\n<meta property=\"og:type\" content=\"article\" \/>\n<meta property=\"og:title\" content=\"ZRU\u0160EN\u00c9 TPP - Slovensk\u00fd plyn\u00e1rensk\u00fd a naftov\u00fd zv\u00e4z\" \/>\n<meta property=\"og:url\" content=\"https:\/\/www.spnz.sk\/zrusene-tpp\/\" \/>\n<meta property=\"og:site_name\" content=\"Slovensk\u00fd plyn\u00e1rensk\u00fd a naftov\u00fd zv\u00e4z\" \/>\n<meta property=\"article:modified_time\" content=\"2021-07-29T08:03:37+00:00\" \/>\n<meta name=\"twitter:card\" content=\"summary_large_image\" \/>\n<script type=\"application\/ld+json\" class=\"yoast-schema-graph\">{\"@context\":\"https:\/\/schema.org\",\"@graph\":[{\"@type\":\"WebPage\",\"@id\":\"https:\/\/www.spnz.sk\/zrusene-tpp\/\",\"url\":\"https:\/\/www.spnz.sk\/zrusene-tpp\/\",\"name\":\"ZRU\u0160EN\u00c9 TPP - Slovensk\u00fd plyn\u00e1rensk\u00fd a naftov\u00fd zv\u00e4z\",\"isPartOf\":{\"@id\":\"https:\/\/www.spnz.sk\/#website\"},\"datePublished\":\"2021-07-28T11:22:53+00:00\",\"dateModified\":\"2021-07-29T08:03:37+00:00\",\"breadcrumb\":{\"@id\":\"https:\/\/www.spnz.sk\/zrusene-tpp\/#breadcrumb\"},\"inLanguage\":\"sk-SK\",\"potentialAction\":[{\"@type\":\"ReadAction\",\"target\":[\"https:\/\/www.spnz.sk\/zrusene-tpp\/\"]}]},{\"@type\":\"BreadcrumbList\",\"@id\":\"https:\/\/www.spnz.sk\/zrusene-tpp\/#breadcrumb\",\"itemListElement\":[{\"@type\":\"ListItem\",\"position\":1,\"name\":\"Domovsk\u00e1 str\u00e1nka\",\"item\":\"https:\/\/www.spnz.sk\/\"},{\"@type\":\"ListItem\",\"position\":2,\"name\":\"ZRU\u0160EN\u00c9 TPP\"}]},{\"@type\":\"WebSite\",\"@id\":\"https:\/\/www.spnz.sk\/#website\",\"url\":\"https:\/\/www.spnz.sk\/\",\"name\":\"Slovensk\u00fd plyn\u00e1rensk\u00fd a naftov\u00fd zv\u00e4z\",\"description\":\"\",\"potentialAction\":[{\"@type\":\"SearchAction\",\"target\":{\"@type\":\"EntryPoint\",\"urlTemplate\":\"https:\/\/www.spnz.sk\/?s={search_term_string}\"},\"query-input\":{\"@type\":\"PropertyValueSpecification\",\"valueRequired\":true,\"valueName\":\"search_term_string\"}}],\"inLanguage\":\"sk-SK\"}]}<\/script>\n<!-- \/ Yoast SEO plugin. -->","yoast_head_json":{"title":"ZRU\u0160EN\u00c9 TPP - Slovensk\u00fd plyn\u00e1rensk\u00fd a naftov\u00fd zv\u00e4z","robots":{"index":"index","follow":"follow","max-snippet":"max-snippet:-1","max-image-preview":"max-image-preview:large","max-video-preview":"max-video-preview:-1"},"canonical":"https:\/\/www.spnz.sk\/zrusene-tpp\/","og_locale":"sk_SK","og_type":"article","og_title":"ZRU\u0160EN\u00c9 TPP - Slovensk\u00fd plyn\u00e1rensk\u00fd a naftov\u00fd zv\u00e4z","og_url":"https:\/\/www.spnz.sk\/zrusene-tpp\/","og_site_name":"Slovensk\u00fd plyn\u00e1rensk\u00fd a naftov\u00fd zv\u00e4z","article_modified_time":"2021-07-29T08:03:37+00:00","twitter_card":"summary_large_image","schema":{"@context":"https:\/\/schema.org","@graph":[{"@type":"WebPage","@id":"https:\/\/www.spnz.sk\/zrusene-tpp\/","url":"https:\/\/www.spnz.sk\/zrusene-tpp\/","name":"ZRU\u0160EN\u00c9 TPP - Slovensk\u00fd plyn\u00e1rensk\u00fd a naftov\u00fd zv\u00e4z","isPartOf":{"@id":"https:\/\/www.spnz.sk\/#website"},"datePublished":"2021-07-28T11:22:53+00:00","dateModified":"2021-07-29T08:03:37+00:00","breadcrumb":{"@id":"https:\/\/www.spnz.sk\/zrusene-tpp\/#breadcrumb"},"inLanguage":"sk-SK","potentialAction":[{"@type":"ReadAction","target":["https:\/\/www.spnz.sk\/zrusene-tpp\/"]}]},{"@type":"BreadcrumbList","@id":"https:\/\/www.spnz.sk\/zrusene-tpp\/#breadcrumb","itemListElement":[{"@type":"ListItem","position":1,"name":"Domovsk\u00e1 str\u00e1nka","item":"https:\/\/www.spnz.sk\/"},{"@type":"ListItem","position":2,"name":"ZRU\u0160EN\u00c9 TPP"}]},{"@type":"WebSite","@id":"https:\/\/www.spnz.sk\/#website","url":"https:\/\/www.spnz.sk\/","name":"Slovensk\u00fd plyn\u00e1rensk\u00fd a naftov\u00fd zv\u00e4z","description":"","potentialAction":[{"@type":"SearchAction","target":{"@type":"EntryPoint","urlTemplate":"https:\/\/www.spnz.sk\/?s={search_term_string}"},"query-input":{"@type":"PropertyValueSpecification","valueRequired":true,"valueName":"search_term_string"}}],"inLanguage":"sk-SK"}]}},"uagb_featured_image_src":{"full":false,"thumbnail":false,"medium":false,"medium_large":false,"large":false,"thumblist":false,"meccarouselthumb":false,"gridsquare":false,"tileview":false,"1536x1536":false,"2048x2048":false,"woocommerce_thumbnail":false,"woocommerce_single":false,"woocommerce_gallery_thumbnail":false},"uagb_author_info":{"display_name":"spnz-admin","author_link":"https:\/\/d.r1.wbsprt.com\/spnz.sk\/author\/spnz-admin\/"},"uagb_comment_info":0,"uagb_excerpt":null,"_links":{"self":[{"href":"https:\/\/d.r1.wbsprt.com\/spnz.sk\/wp-json\/wp\/v2\/pages\/880","targetHints":{"allow":["GET"]}}],"collection":[{"href":"https:\/\/d.r1.wbsprt.com\/spnz.sk\/wp-json\/wp\/v2\/pages"}],"about":[{"href":"https:\/\/d.r1.wbsprt.com\/spnz.sk\/wp-json\/wp\/v2\/types\/page"}],"author":[{"embeddable":true,"href":"https:\/\/d.r1.wbsprt.com\/spnz.sk\/wp-json\/wp\/v2\/users\/1"}],"replies":[{"embeddable":true,"href":"https:\/\/d.r1.wbsprt.com\/spnz.sk\/wp-json\/wp\/v2\/comments?post=880"}],"version-history":[{"count":7,"href":"https:\/\/d.r1.wbsprt.com\/spnz.sk\/wp-json\/wp\/v2\/pages\/880\/revisions"}],"predecessor-version":[{"id":976,"href":"https:\/\/d.r1.wbsprt.com\/spnz.sk\/wp-json\/wp\/v2\/pages\/880\/revisions\/976"}],"wp:attachment":[{"href":"https:\/\/d.r1.wbsprt.com\/spnz.sk\/wp-json\/wp\/v2\/media?parent=880"}],"curies":[{"name":"wp","href":"https:\/\/api.w.org\/{rel}","templated":true}]}}