{"id":8653,"date":"2022-09-27T17:23:21","date_gmt":"2022-09-27T15:23:21","guid":{"rendered":"https:\/\/www.nabytok-prestige.sk\/?post_type=product&#038;p=8653"},"modified":"2025-03-16T11:41:49","modified_gmt":"2025-03-16T10:41:49","slug":"rozkladacia-pohovka-bora","status":"publish","type":"product","link":"https:\/\/d.r1.wbsprt.com\/nabytok-prestige.sk\/produkt\/rozkladacia-pohovka-bora\/","title":{"rendered":"Rozkladacia pohovka Bora"},"content":{"rendered":"<p>Bora rozkladacia pohovka s \u00falo\u017en\u00fdm priestorom .<\/p>\n<p>Kreslo, dvojsed aj trojsed.<br \/>\nKostra: borovicov\u00e9 drevo, drevotrieska a preglejka<br \/>\nOpierka a sedadlo: matrac na pru\u017ein\u00e1ch Bonel<br \/>\n\u010cal\u00fanenie: l\u00e1tka PRINCE, 100% Polyester<br \/>\nFarebn\u00e9 prevedenie: Yellow, Cement a Jeans<br \/>\nPod\u013ea testu Abrasion (EN ISO 12947-1,2): &gt;70 000 oderov .<\/p>\n<p>Jednoduch\u00fd rozklad.<br \/>\nPohovky pon\u00fakaj\u00fa priestor na spanie, ku ktor\u00e9mu sa dostaneme pomocou jednoduch\u00e9ho rozkladu s technol\u00f3giou KLIK, ktor\u00fa z\u00e1kazn\u00edk zvl\u00e1dne aj jednou rukou. Jednoduch\u00e1 manipul\u00e1cia je v dne\u0161nom r\u00fdchlom svete k\u013e\u00fa\u010dov\u00e1. Pohovka je rozlo\u017een\u00e1 za 6 sek\u00fand a zlo\u017een\u00e1 za \u010fal\u0161\u00edch 6 sek\u00fand. Ve\u010f to posledn\u00e9 \u010do chce z\u00e1kazn\u00edk robi\u0165, pred span\u00edm a po zobuden\u00ed, je nam\u00e1ha\u0165 sa s n\u00e1ro\u010dn\u00fdm rozkladom.<\/p>\n<p>\u00dalo\u017en\u00fd priestor.<br \/>\n\u00dalo\u017en\u00e9ho priestoru nikdy nie je dos\u0165, to vie najm\u00e4 ten z\u00e1kazn\u00edk, ktor\u00fd b\u00fdva v byte. Preto je \u00falo\u017en\u00fd priestor v\u017edy v\u00edtan\u00fd. Od \u00falo\u017en\u00e9ho priestoru n\u00e1s del\u00ed pr\u00e1ve jeden KLIK. Sta\u010d\u00ed \u00falo\u017en\u00fd priestor naplni\u0165 pod\u013ea seba, \u010di u\u017e perinami po hos\u0165och, detsk\u00fdmi hra\u010dkami alebo vecami, ktor\u00e9 jednoducho nechceme ma\u0165 na o\u010diach. Ktovie, mo\u017eno si niekto ulo\u017e\u00ed aj svoje usporen\u00e9 peniaze. KLIK.<\/p>\n<p>Faktory v\u00fdberu.<br \/>\nKa\u017ed\u00fd z\u00e1kazn\u00edk m\u00e1 poradie faktorov pri v\u00fdbere in\u00e9. Niekoho zaujme dizajn, \u010fal\u0161\u00ed rie\u0161i iba cenu a in\u00e9ho tr\u00e1pi to, \u010di sa mu pohovka do ob\u00fdva\u010dky v\u00f4bec zmest\u00ed. V pr\u00edpade nov\u00fdch pohoviek zacielite v\u0161etk\u00fdmi smermi. Mo\u017enos\u0165 v\u00fdberu medzi troma ve\u013ekos\u0165ami, priazniv\u00e1 cena a nad\u010dasov\u00fd dizajn, ktor\u00fd zaujme ka\u017ed\u00e9ho. Nav\u0161t\u00edvte n\u00e1\u0161 web a presk\u00famajte v\u0161etky podrobnosti.<\/p>\n<p>In\u0161pir\u00e1cia na umiestnenie.<br \/>\nV ponuke s\u00fa tri ve\u013ekosti, v\u010faka \u010domu m\u00e1 z\u00e1kazn\u00edk mo\u017enos\u0165 si vybra\u0165 tak\u00fa, ak\u00e1 sa mu bude najviac hodi\u0165. Pohovka sa hod\u00ed do detskej izby, ob\u00fdva\u010dky, hos\u0165ovskej alebo do kancel\u00e1rie pre poobedn\u00fdch spachto\u0161ov. Kreslo, dvojsed alebo trojsed. Dobr\u00fa noc.<\/p>\n<p>&nbsp;<\/p>\n<p>&nbsp;<\/p>\n","protected":false},"excerpt":{"rendered":"<p>Bora rozkladacia pohovka s \u00falo\u017en\u00fdm priestorom . Kreslo, dvojsed aj trojsed. Kostra: borovicov\u00e9 drevo, drevotrieska a preglejka Opierka a sedadlo: matrac na pru\u017ein\u00e1ch Bonel \u010cal\u00fanenie: l\u00e1tka PRINCE, 100% Polyester Farebn\u00e9 prevedenie: Yellow, Cement a Jeans Pod\u013ea testu Abrasion (EN ISO 12947-1,2): &gt;70 000 oderov . Jednoduch\u00fd rozklad. Pohovky pon\u00fakaj\u00fa priestor na spanie, ku ktor\u00e9mu sa [&hellip;]<\/p>\n","protected":false},"featured_media":8647,"template":"","meta":{"site-sidebar-layout":"default","site-content-layout":"default","ast-site-content-layout":"default","site-content-style":"default","site-sidebar-style":"default","ast-global-header-display":"","ast-banner-title-visibility":"","ast-main-header-display":"","ast-hfb-above-header-display":"","ast-hfb-below-header-display":"","ast-hfb-mobile-header-display":"","site-post-title":"","ast-breadcrumbs-content":"","ast-featured-img":"","footer-sml-layout":"","ast-disable-related-posts":"","theme-transparent-header-meta":"default","adv-header-id-meta":"","stick-header-meta":"","header-above-stick-meta":"","header-main-stick-meta":"","header-below-stick-meta":"","astra-migrate-meta-layouts":"set","ast-page-background-enabled":"default","ast-page-background-meta":{"desktop":{"background-color":"","background-image":"","background-repeat":"repeat","background-position":"center center","background-size":"auto","background-attachment":"scroll","background-type":"","background-media":"","overlay-type":"","overlay-color":"","overlay-opacity":"","overlay-gradient":""},"tablet":{"background-color":"","background-image":"","background-repeat":"repeat","background-position":"center center","background-size":"auto","background-attachment":"scroll","background-type":"","background-media":"","overlay-type":"","overlay-color":"","overlay-opacity":"","overlay-gradient":""},"mobile":{"background-color":"","background-image":"","background-repeat":"repeat","background-position":"center center","background-size":"auto","background-attachment":"scroll","background-type":"","background-media":"","overlay-type":"","overlay-color":"","overlay-opacity":"","overlay-gradient":""}},"ast-content-background-meta":{"desktop":{"background-color":"var(--ast-global-color-5)","background-image":"","background-repeat":"repeat","background-position":"center center","background-size":"auto","background-attachment":"scroll","background-type":"","background-media":"","overlay-type":"","overlay-color":"","overlay-opacity":"","overlay-gradient":""},"tablet":{"background-color":"var(--ast-global-color-5)","background-image":"","background-repeat":"repeat","background-position":"center center","background-size":"auto","background-attachment":"scroll","background-type":"","background-media":"","overlay-type":"","overlay-color":"","overlay-opacity":"","overlay-gradient":""},"mobile":{"background-color":"var(--ast-global-color-5)","background-image":"","background-repeat":"repeat","background-position":"center center","background-size":"auto","background-attachment":"scroll","background-type":"","background-media":"","overlay-type":"","overlay-color":"","overlay-opacity":"","overlay-gradient":""}}},"product_brand":[],"product_cat":[48],"product_tag":[],"class_list":{"0":"post-8653","1":"product","2":"type-product","3":"status-publish","4":"has-post-thumbnail","6":"product_cat-pohovky","7":"desktop-align-left","8":"tablet-align-left","9":"mobile-align-left","11":"first","12":"instock","13":"shipping-taxable","14":"product-type-simple"},"yoast_head":"<!-- This site is optimized with the Yoast SEO plugin v27.4 - https:\/\/yoast.com\/product\/yoast-seo-wordpress\/ -->\n<title>Rozkladacia pohovka Bora - N\u00e1bytok Prestige, Ru\u017eomberok<\/title>\n<meta name=\"description\" content=\"Bora rozkladacia pohovka s \u00falo\u017en\u00fdm priestorom .Spanie na jeden klik .Kreslo, dvojsed aj trojsed .\" \/>\n<meta name=\"robots\" content=\"index, follow, max-snippet:-1, max-image-preview:large, max-video-preview:-1\" \/>\n<link rel=\"canonical\" href=\"https:\/\/www.nabytok-prestige.sk\/produkt\/rozkladacia-pohovka-bora\/\" \/>\n<meta property=\"og:locale\" content=\"sk_SK\" \/>\n<meta property=\"og:type\" content=\"article\" \/>\n<meta property=\"og:title\" content=\"Rozkladacia pohovka Bora - N\u00e1bytok Prestige, Ru\u017eomberok\" \/>\n<meta property=\"og:description\" content=\"Bora rozkladacia pohovka s \u00falo\u017en\u00fdm priestorom .Spanie na jeden klik .Kreslo, dvojsed aj trojsed .\" \/>\n<meta property=\"og:url\" content=\"https:\/\/www.nabytok-prestige.sk\/produkt\/rozkladacia-pohovka-bora\/\" \/>\n<meta property=\"og:site_name\" content=\"N\u00e1bytok Prestige, Ru\u017eomberok\" \/>\n<meta property=\"article:modified_time\" content=\"2025-03-16T10:41:49+00:00\" \/>\n<meta property=\"og:image\" content=\"https:\/\/www.nabytok-prestige.sk\/wp-content\/uploads\/2022\/09\/Bora-rozkladacia-pohovka.jpg\" \/>\n\t<meta property=\"og:image:width\" content=\"899\" \/>\n\t<meta property=\"og:image:height\" content=\"656\" \/>\n\t<meta property=\"og:image:type\" content=\"image\/jpeg\" \/>\n<meta name=\"twitter:card\" content=\"summary_large_image\" \/>\n<meta name=\"twitter:label1\" content=\"Predpokladan\u00fd \u010das \u010d\u00edtania\" \/>\n\t<meta name=\"twitter:data1\" content=\"2 min\u00faty\" \/>\n<script type=\"application\/ld+json\" class=\"yoast-schema-graph\">{\"@context\":\"https:\\\/\\\/schema.org\",\"@graph\":[{\"@type\":\"WebPage\",\"@id\":\"https:\\\/\\\/www.nabytok-prestige.sk\\\/produkt\\\/rozkladacia-pohovka-bora\\\/\",\"url\":\"https:\\\/\\\/www.nabytok-prestige.sk\\\/produkt\\\/rozkladacia-pohovka-bora\\\/\",\"name\":\"Rozkladacia pohovka Bora - N\u00e1bytok Prestige, Ru\u017eomberok\",\"isPartOf\":{\"@id\":\"https:\\\/\\\/www.nabytok-prestige.sk\\\/#website\"},\"primaryImageOfPage\":{\"@id\":\"https:\\\/\\\/www.nabytok-prestige.sk\\\/produkt\\\/rozkladacia-pohovka-bora\\\/#primaryimage\"},\"image\":{\"@id\":\"https:\\\/\\\/www.nabytok-prestige.sk\\\/produkt\\\/rozkladacia-pohovka-bora\\\/#primaryimage\"},\"thumbnailUrl\":\"https:\\\/\\\/d.r1.wbsprt.com\\\/nabytok-prestige.sk\\\/wp-content\\\/uploads\\\/2022\\\/09\\\/Bora-rozkladacia-pohovka.jpg\",\"datePublished\":\"2022-09-27T15:23:21+00:00\",\"dateModified\":\"2025-03-16T10:41:49+00:00\",\"description\":\"Bora rozkladacia pohovka s \u00falo\u017en\u00fdm priestorom .Spanie na jeden klik .Kreslo, dvojsed aj trojsed .\",\"breadcrumb\":{\"@id\":\"https:\\\/\\\/www.nabytok-prestige.sk\\\/produkt\\\/rozkladacia-pohovka-bora\\\/#breadcrumb\"},\"inLanguage\":\"sk-SK\",\"potentialAction\":[{\"@type\":\"ReadAction\",\"target\":[\"https:\\\/\\\/www.nabytok-prestige.sk\\\/produkt\\\/rozkladacia-pohovka-bora\\\/\"]}]},{\"@type\":\"ImageObject\",\"inLanguage\":\"sk-SK\",\"@id\":\"https:\\\/\\\/www.nabytok-prestige.sk\\\/produkt\\\/rozkladacia-pohovka-bora\\\/#primaryimage\",\"url\":\"https:\\\/\\\/d.r1.wbsprt.com\\\/nabytok-prestige.sk\\\/wp-content\\\/uploads\\\/2022\\\/09\\\/Bora-rozkladacia-pohovka.jpg\",\"contentUrl\":\"https:\\\/\\\/d.r1.wbsprt.com\\\/nabytok-prestige.sk\\\/wp-content\\\/uploads\\\/2022\\\/09\\\/Bora-rozkladacia-pohovka.jpg\",\"width\":899,\"height\":656,\"caption\":\"Bora rozkladacia pohovka\"},{\"@type\":\"BreadcrumbList\",\"@id\":\"https:\\\/\\\/www.nabytok-prestige.sk\\\/produkt\\\/rozkladacia-pohovka-bora\\\/#breadcrumb\",\"itemListElement\":[{\"@type\":\"ListItem\",\"position\":1,\"name\":\"Home\",\"item\":\"https:\\\/\\\/www.nabytok-prestige.sk\\\/\"},{\"@type\":\"ListItem\",\"position\":2,\"name\":\"Obchod\",\"item\":\"https:\\\/\\\/www.nabytok-prestige.sk\\\/shop\\\/\"},{\"@type\":\"ListItem\",\"position\":3,\"name\":\"Rozkladacia pohovka Bora\"}]},{\"@type\":\"WebSite\",\"@id\":\"https:\\\/\\\/www.nabytok-prestige.sk\\\/#website\",\"url\":\"https:\\\/\\\/www.nabytok-prestige.sk\\\/\",\"name\":\"N\u00e1bytok Prestige, Ru\u017eomberok\",\"description\":\"Sme s Vami u\u017e 31 rokov\",\"publisher\":{\"@id\":\"https:\\\/\\\/www.nabytok-prestige.sk\\\/#organization\"},\"potentialAction\":[{\"@type\":\"SearchAction\",\"target\":{\"@type\":\"EntryPoint\",\"urlTemplate\":\"https:\\\/\\\/www.nabytok-prestige.sk\\\/?s={search_term_string}\"},\"query-input\":{\"@type\":\"PropertyValueSpecification\",\"valueRequired\":true,\"valueName\":\"search_term_string\"}}],\"inLanguage\":\"sk-SK\"},{\"@type\":\"Organization\",\"@id\":\"https:\\\/\\\/www.nabytok-prestige.sk\\\/#organization\",\"name\":\"N\u00e1bytok Prestige, Ru\u017eomberok\",\"url\":\"https:\\\/\\\/www.nabytok-prestige.sk\\\/\",\"logo\":{\"@type\":\"ImageObject\",\"inLanguage\":\"sk-SK\",\"@id\":\"https:\\\/\\\/www.nabytok-prestige.sk\\\/#\\\/schema\\\/logo\\\/image\\\/\",\"url\":\"https:\\\/\\\/d.r1.wbsprt.com\\\/nabytok-prestige.sk\\\/wp-content\\\/uploads\\\/2021\\\/05\\\/Prestige.jpg\",\"contentUrl\":\"https:\\\/\\\/d.r1.wbsprt.com\\\/nabytok-prestige.sk\\\/wp-content\\\/uploads\\\/2021\\\/05\\\/Prestige.jpg\",\"width\":180,\"height\":67,\"caption\":\"N\u00e1bytok Prestige, Ru\u017eomberok\"},\"image\":{\"@id\":\"https:\\\/\\\/www.nabytok-prestige.sk\\\/#\\\/schema\\\/logo\\\/image\\\/\"}}]}<\/script>\n<!-- \/ Yoast SEO plugin. -->","yoast_head_json":{"title":"Rozkladacia pohovka Bora - N\u00e1bytok Prestige, Ru\u017eomberok","description":"Bora rozkladacia pohovka s \u00falo\u017en\u00fdm priestorom .Spanie na jeden klik .Kreslo, dvojsed aj trojsed .","robots":{"index":"index","follow":"follow","max-snippet":"max-snippet:-1","max-image-preview":"max-image-preview:large","max-video-preview":"max-video-preview:-1"},"canonical":"https:\/\/www.nabytok-prestige.sk\/produkt\/rozkladacia-pohovka-bora\/","og_locale":"sk_SK","og_type":"article","og_title":"Rozkladacia pohovka Bora - N\u00e1bytok Prestige, Ru\u017eomberok","og_description":"Bora rozkladacia pohovka s \u00falo\u017en\u00fdm priestorom .Spanie na jeden klik .Kreslo, dvojsed aj trojsed .","og_url":"https:\/\/www.nabytok-prestige.sk\/produkt\/rozkladacia-pohovka-bora\/","og_site_name":"N\u00e1bytok Prestige, Ru\u017eomberok","article_modified_time":"2025-03-16T10:41:49+00:00","og_image":[{"width":899,"height":656,"url":"https:\/\/www.nabytok-prestige.sk\/wp-content\/uploads\/2022\/09\/Bora-rozkladacia-pohovka.jpg","type":"image\/jpeg"}],"twitter_card":"summary_large_image","twitter_misc":{"Predpokladan\u00fd \u010das \u010d\u00edtania":"2 min\u00faty"},"schema":{"@context":"https:\/\/schema.org","@graph":[{"@type":"WebPage","@id":"https:\/\/www.nabytok-prestige.sk\/produkt\/rozkladacia-pohovka-bora\/","url":"https:\/\/www.nabytok-prestige.sk\/produkt\/rozkladacia-pohovka-bora\/","name":"Rozkladacia pohovka Bora - N\u00e1bytok Prestige, Ru\u017eomberok","isPartOf":{"@id":"https:\/\/www.nabytok-prestige.sk\/#website"},"primaryImageOfPage":{"@id":"https:\/\/www.nabytok-prestige.sk\/produkt\/rozkladacia-pohovka-bora\/#primaryimage"},"image":{"@id":"https:\/\/www.nabytok-prestige.sk\/produkt\/rozkladacia-pohovka-bora\/#primaryimage"},"thumbnailUrl":"https:\/\/d.r1.wbsprt.com\/nabytok-prestige.sk\/wp-content\/uploads\/2022\/09\/Bora-rozkladacia-pohovka.jpg","datePublished":"2022-09-27T15:23:21+00:00","dateModified":"2025-03-16T10:41:49+00:00","description":"Bora rozkladacia pohovka s \u00falo\u017en\u00fdm priestorom .Spanie na jeden klik .Kreslo, dvojsed aj trojsed .","breadcrumb":{"@id":"https:\/\/www.nabytok-prestige.sk\/produkt\/rozkladacia-pohovka-bora\/#breadcrumb"},"inLanguage":"sk-SK","potentialAction":[{"@type":"ReadAction","target":["https:\/\/www.nabytok-prestige.sk\/produkt\/rozkladacia-pohovka-bora\/"]}]},{"@type":"ImageObject","inLanguage":"sk-SK","@id":"https:\/\/www.nabytok-prestige.sk\/produkt\/rozkladacia-pohovka-bora\/#primaryimage","url":"https:\/\/d.r1.wbsprt.com\/nabytok-prestige.sk\/wp-content\/uploads\/2022\/09\/Bora-rozkladacia-pohovka.jpg","contentUrl":"https:\/\/d.r1.wbsprt.com\/nabytok-prestige.sk\/wp-content\/uploads\/2022\/09\/Bora-rozkladacia-pohovka.jpg","width":899,"height":656,"caption":"Bora rozkladacia pohovka"},{"@type":"BreadcrumbList","@id":"https:\/\/www.nabytok-prestige.sk\/produkt\/rozkladacia-pohovka-bora\/#breadcrumb","itemListElement":[{"@type":"ListItem","position":1,"name":"Home","item":"https:\/\/www.nabytok-prestige.sk\/"},{"@type":"ListItem","position":2,"name":"Obchod","item":"https:\/\/www.nabytok-prestige.sk\/shop\/"},{"@type":"ListItem","position":3,"name":"Rozkladacia pohovka Bora"}]},{"@type":"WebSite","@id":"https:\/\/www.nabytok-prestige.sk\/#website","url":"https:\/\/www.nabytok-prestige.sk\/","name":"N\u00e1bytok Prestige, Ru\u017eomberok","description":"Sme s Vami u\u017e 31 rokov","publisher":{"@id":"https:\/\/www.nabytok-prestige.sk\/#organization"},"potentialAction":[{"@type":"SearchAction","target":{"@type":"EntryPoint","urlTemplate":"https:\/\/www.nabytok-prestige.sk\/?s={search_term_string}"},"query-input":{"@type":"PropertyValueSpecification","valueRequired":true,"valueName":"search_term_string"}}],"inLanguage":"sk-SK"},{"@type":"Organization","@id":"https:\/\/www.nabytok-prestige.sk\/#organization","name":"N\u00e1bytok Prestige, Ru\u017eomberok","url":"https:\/\/www.nabytok-prestige.sk\/","logo":{"@type":"ImageObject","inLanguage":"sk-SK","@id":"https:\/\/www.nabytok-prestige.sk\/#\/schema\/logo\/image\/","url":"https:\/\/d.r1.wbsprt.com\/nabytok-prestige.sk\/wp-content\/uploads\/2021\/05\/Prestige.jpg","contentUrl":"https:\/\/d.r1.wbsprt.com\/nabytok-prestige.sk\/wp-content\/uploads\/2021\/05\/Prestige.jpg","width":180,"height":67,"caption":"N\u00e1bytok Prestige, Ru\u017eomberok"},"image":{"@id":"https:\/\/www.nabytok-prestige.sk\/#\/schema\/logo\/image\/"}}]}},"_links":{"self":[{"href":"https:\/\/d.r1.wbsprt.com\/nabytok-prestige.sk\/wp-json\/wp\/v2\/product\/8653","targetHints":{"allow":["GET"]}}],"collection":[{"href":"https:\/\/d.r1.wbsprt.com\/nabytok-prestige.sk\/wp-json\/wp\/v2\/product"}],"about":[{"href":"https:\/\/d.r1.wbsprt.com\/nabytok-prestige.sk\/wp-json\/wp\/v2\/types\/product"}],"wp:featuredmedia":[{"embeddable":true,"href":"https:\/\/d.r1.wbsprt.com\/nabytok-prestige.sk\/wp-json\/wp\/v2\/media\/8647"}],"wp:attachment":[{"href":"https:\/\/d.r1.wbsprt.com\/nabytok-prestige.sk\/wp-json\/wp\/v2\/media?parent=8653"}],"wp:term":[{"taxonomy":"product_brand","embeddable":true,"href":"https:\/\/d.r1.wbsprt.com\/nabytok-prestige.sk\/wp-json\/wp\/v2\/product_brand?post=8653"},{"taxonomy":"product_cat","embeddable":true,"href":"https:\/\/d.r1.wbsprt.com\/nabytok-prestige.sk\/wp-json\/wp\/v2\/product_cat?post=8653"},{"taxonomy":"product_tag","embeddable":true,"href":"https:\/\/d.r1.wbsprt.com\/nabytok-prestige.sk\/wp-json\/wp\/v2\/product_tag?post=8653"}],"curies":[{"name":"wp","href":"https:\/\/api.w.org\/{rel}","templated":true}]}}