{"id":7256,"date":"2021-06-27T23:42:41","date_gmt":"2021-06-27T21:42:41","guid":{"rendered":"https:\/\/www.nabytok-prestige.sk\/?post_type=product&#038;p=7256"},"modified":"2021-10-18T22:13:30","modified_gmt":"2021-10-18T20:13:30","slug":"modena-sedacia-suprava","status":"publish","type":"product","link":"https:\/\/d.r1.wbsprt.com\/nabytok-prestige.sk\/produkt\/modena-sedacia-suprava\/","title":{"rendered":"Modena sedacia s\u00faprava"},"content":{"rendered":"<p>MODENA seda\u010dka je modern\u00e1 sedacia s\u00faprava, ktor\u00e1 v\u00e1m spln\u00ed v\u0161etko \u010do od kvalitnej seda\u010dky o\u010dak\u00e1vate. Ocen\u00edte pohodlie a vysok\u00fd komfort sedenia . d\u00e1 sa doobjedna\u0165 opierka hlavy \u010do e\u0161te len zv\u00fd\u0161i pohodlie pri seden\u00ed. Sedacia s\u00faprava Modena disponuje oto\u010dn\u00fdm kreslom ktor\u00e9 sa d\u00e1 variabilne nato\u010di\u0165 pod\u013ea potreby. Oto\u010dn\u00e9 kreslo zv\u00fdraz\u0148uje jej jedine\u010dnos\u0165 .<br \/>\nV rohovej variante je \u00falo\u017en\u00fd priestor v otomane.<\/p>\n<p><a href=\"https:\/\/www.gkt.sk\/vzorkovnik\/\" target=\"_blank\" rel=\"noopener\">Po\u0165ah sa d\u00e1 vybra\u0165 zo vzorkovn\u00edka po\u0165ahov\u00fdch kolekci\u00ed od II. cenovej skupiny a\u017e po VII. cenov\u00fa skupinu a taktie\u017e aj z kolekci\u00ed ko\u017e\u00ed.<\/a><\/p>\n<p>Cena je z\u00e1visl\u00e1 na konkr\u00e9tnej vybranej variante sedacej s\u00fapravy , na zvolenom po\u0165ahu a teda tu nie je z toho d\u00f4vodu uveden\u00e1 . Cena vybranej varianty na vy\u017eiadanie telefonicky alebo mailom.<\/p>\n<p>Funkcia oto\u010dn\u00e9ho kresla je zn\u00e1zornen\u00e1 v tejto uk\u00e1\u017eke:<\/p>\n<div style=\"width: 1000px;\" class=\"wp-video\"><video class=\"wp-video-shortcode\" id=\"video-7256-1\" width=\"1000\" height=\"700\" preload=\"metadata\" controls=\"controls\"><source type=\"video\/mp4\" src=\"https:\/\/www.nabytok-prestige.sk\/wp-content\/uploads\/2021\/06\/sedacka-Modena.mp4?_=1\" \/><a href=\"https:\/\/www.nabytok-prestige.sk\/wp-content\/uploads\/2021\/06\/sedacka-Modena.mp4\">https:\/\/www.nabytok-prestige.sk\/wp-content\/uploads\/2021\/06\/sedacka-Modena.mp4<\/a><\/video><\/div>\n<p>&nbsp;<\/p>\n<p>&nbsp;<\/p>\n","protected":false},"excerpt":{"rendered":"<p>MODENA seda\u010dka je modern\u00e1 sedacia s\u00faprava, ktor\u00e1 v\u00e1m spln\u00ed v\u0161etko \u010do od kvalitnej seda\u010dky o\u010dak\u00e1vate. Ocen\u00edte pohodlie a vysok\u00fd komfort sedenia . d\u00e1 sa doobjedna\u0165 opierka hlavy \u010do e\u0161te len zv\u00fd\u0161i pohodlie pri seden\u00ed. Sedacia s\u00faprava Modena disponuje oto\u010dn\u00fdm kreslom ktor\u00e9 sa d\u00e1 variabilne nato\u010di\u0165 pod\u013ea potreby. Oto\u010dn\u00e9 kreslo zv\u00fdraz\u0148uje jej jedine\u010dnos\u0165 . V rohovej [&hellip;]<\/p>\n","protected":false},"featured_media":7263,"template":"","meta":{"site-sidebar-layout":"default","site-content-layout":"default","ast-site-content-layout":"default","site-content-style":"default","site-sidebar-style":"default","ast-global-header-display":"","ast-banner-title-visibility":"","ast-main-header-display":"","ast-hfb-above-header-display":"","ast-hfb-below-header-display":"","ast-hfb-mobile-header-display":"","site-post-title":"","ast-breadcrumbs-content":"","ast-featured-img":"","footer-sml-layout":"","ast-disable-related-posts":"","theme-transparent-header-meta":"default","adv-header-id-meta":"","stick-header-meta":"","header-above-stick-meta":"","header-main-stick-meta":"","header-below-stick-meta":"","astra-migrate-meta-layouts":"default","ast-page-background-enabled":"default","ast-page-background-meta":{"desktop":{"background-color":"","background-image":"","background-repeat":"repeat","background-position":"center center","background-size":"auto","background-attachment":"scroll","background-type":"","background-media":"","overlay-type":"","overlay-color":"","overlay-opacity":"","overlay-gradient":""},"tablet":{"background-color":"","background-image":"","background-repeat":"repeat","background-position":"center center","background-size":"auto","background-attachment":"scroll","background-type":"","background-media":"","overlay-type":"","overlay-color":"","overlay-opacity":"","overlay-gradient":""},"mobile":{"background-color":"","background-image":"","background-repeat":"repeat","background-position":"center center","background-size":"auto","background-attachment":"scroll","background-type":"","background-media":"","overlay-type":"","overlay-color":"","overlay-opacity":"","overlay-gradient":""}},"ast-content-background-meta":{"desktop":{"background-color":"var(--ast-global-color-5)","background-image":"","background-repeat":"repeat","background-position":"center center","background-size":"auto","background-attachment":"scroll","background-type":"","background-media":"","overlay-type":"","overlay-color":"","overlay-opacity":"","overlay-gradient":""},"tablet":{"background-color":"var(--ast-global-color-5)","background-image":"","background-repeat":"repeat","background-position":"center center","background-size":"auto","background-attachment":"scroll","background-type":"","background-media":"","overlay-type":"","overlay-color":"","overlay-opacity":"","overlay-gradient":""},"mobile":{"background-color":"var(--ast-global-color-5)","background-image":"","background-repeat":"repeat","background-position":"center center","background-size":"auto","background-attachment":"scroll","background-type":"","background-media":"","overlay-type":"","overlay-color":"","overlay-opacity":"","overlay-gradient":""}}},"product_brand":[],"product_cat":[55],"product_tag":[],"class_list":{"0":"post-7256","1":"product","2":"type-product","3":"status-publish","4":"has-post-thumbnail","6":"product_cat-sedacie-supravy-gkt","7":"desktop-align-left","8":"tablet-align-left","9":"mobile-align-left","11":"first","12":"onbackorder","13":"shipping-taxable","14":"product-type-simple"},"yoast_head":"<!-- This site is optimized with the Yoast SEO plugin v27.4 - https:\/\/yoast.com\/product\/yoast-seo-wordpress\/ -->\n<title>Modena sedacia s\u00faprava - N\u00e1bytok Prestige, Ru\u017eomberok<\/title>\n<meta name=\"description\" content=\"MODENA seda\u010dka je modern\u00e1 sedacia s\u00faprava, ktor\u00e1 v\u00e1m spln\u00ed v\u0161etko \u010do od kvalitnej seda\u010dky o\u010dak\u00e1vate.Ocen\u00edte komfort sedenia .\" \/>\n<meta name=\"robots\" content=\"index, follow, max-snippet:-1, max-image-preview:large, max-video-preview:-1\" \/>\n<link rel=\"canonical\" href=\"https:\/\/d.r1.wbsprt.com\/nabytok-prestige.sk\/produkt\/modena-sedacia-suprava\/\" \/>\n<meta property=\"og:locale\" content=\"sk_SK\" \/>\n<meta property=\"og:type\" content=\"article\" \/>\n<meta property=\"og:title\" content=\"Modena sedacia s\u00faprava - N\u00e1bytok Prestige, Ru\u017eomberok\" \/>\n<meta property=\"og:description\" content=\"MODENA seda\u010dka je modern\u00e1 sedacia s\u00faprava, ktor\u00e1 v\u00e1m spln\u00ed v\u0161etko \u010do od kvalitnej seda\u010dky o\u010dak\u00e1vate.Ocen\u00edte komfort sedenia .\" \/>\n<meta property=\"og:url\" content=\"https:\/\/d.r1.wbsprt.com\/nabytok-prestige.sk\/produkt\/modena-sedacia-suprava\/\" \/>\n<meta property=\"og:site_name\" content=\"N\u00e1bytok Prestige, Ru\u017eomberok\" \/>\n<meta property=\"article:modified_time\" content=\"2021-10-18T20:13:30+00:00\" \/>\n<meta property=\"og:image\" content=\"https:\/\/d.r1.wbsprt.com\/nabytok-prestige.sk\/wp-content\/uploads\/2021\/06\/modena-sedacia-suprava.jpg\" \/>\n\t<meta property=\"og:image:width\" content=\"900\" \/>\n\t<meta property=\"og:image:height\" content=\"900\" \/>\n\t<meta property=\"og:image:type\" content=\"image\/jpeg\" \/>\n<meta name=\"twitter:card\" content=\"summary_large_image\" \/>\n<meta name=\"twitter:label1\" content=\"Predpokladan\u00fd \u010das \u010d\u00edtania\" \/>\n\t<meta name=\"twitter:data1\" content=\"1 min\u00fata\" \/>\n<script type=\"application\/ld+json\" class=\"yoast-schema-graph\">{\"@context\":\"https:\\\/\\\/schema.org\",\"@graph\":[{\"@type\":\"WebPage\",\"@id\":\"https:\\\/\\\/d.r1.wbsprt.com\\\/nabytok-prestige.sk\\\/produkt\\\/modena-sedacia-suprava\\\/\",\"url\":\"https:\\\/\\\/d.r1.wbsprt.com\\\/nabytok-prestige.sk\\\/produkt\\\/modena-sedacia-suprava\\\/\",\"name\":\"Modena sedacia s\u00faprava - N\u00e1bytok Prestige, Ru\u017eomberok\",\"isPartOf\":{\"@id\":\"https:\\\/\\\/www.nabytok-prestige.sk\\\/#website\"},\"primaryImageOfPage\":{\"@id\":\"https:\\\/\\\/d.r1.wbsprt.com\\\/nabytok-prestige.sk\\\/produkt\\\/modena-sedacia-suprava\\\/#primaryimage\"},\"image\":{\"@id\":\"https:\\\/\\\/d.r1.wbsprt.com\\\/nabytok-prestige.sk\\\/produkt\\\/modena-sedacia-suprava\\\/#primaryimage\"},\"thumbnailUrl\":\"https:\\\/\\\/d.r1.wbsprt.com\\\/nabytok-prestige.sk\\\/wp-content\\\/uploads\\\/2021\\\/06\\\/modena-sedacia-suprava.jpg\",\"datePublished\":\"2021-06-27T21:42:41+00:00\",\"dateModified\":\"2021-10-18T20:13:30+00:00\",\"description\":\"MODENA seda\u010dka je modern\u00e1 sedacia s\u00faprava, ktor\u00e1 v\u00e1m spln\u00ed v\u0161etko \u010do od kvalitnej seda\u010dky o\u010dak\u00e1vate.Ocen\u00edte komfort sedenia .\",\"breadcrumb\":{\"@id\":\"https:\\\/\\\/d.r1.wbsprt.com\\\/nabytok-prestige.sk\\\/produkt\\\/modena-sedacia-suprava\\\/#breadcrumb\"},\"inLanguage\":\"sk-SK\",\"potentialAction\":[{\"@type\":\"ReadAction\",\"target\":[\"https:\\\/\\\/d.r1.wbsprt.com\\\/nabytok-prestige.sk\\\/produkt\\\/modena-sedacia-suprava\\\/\"]}]},{\"@type\":\"ImageObject\",\"inLanguage\":\"sk-SK\",\"@id\":\"https:\\\/\\\/d.r1.wbsprt.com\\\/nabytok-prestige.sk\\\/produkt\\\/modena-sedacia-suprava\\\/#primaryimage\",\"url\":\"https:\\\/\\\/d.r1.wbsprt.com\\\/nabytok-prestige.sk\\\/wp-content\\\/uploads\\\/2021\\\/06\\\/modena-sedacia-suprava.jpg\",\"contentUrl\":\"https:\\\/\\\/d.r1.wbsprt.com\\\/nabytok-prestige.sk\\\/wp-content\\\/uploads\\\/2021\\\/06\\\/modena-sedacia-suprava.jpg\",\"width\":900,\"height\":900,\"caption\":\"Modena sedacia s\u00faprava\"},{\"@type\":\"BreadcrumbList\",\"@id\":\"https:\\\/\\\/d.r1.wbsprt.com\\\/nabytok-prestige.sk\\\/produkt\\\/modena-sedacia-suprava\\\/#breadcrumb\",\"itemListElement\":[{\"@type\":\"ListItem\",\"position\":1,\"name\":\"Home\",\"item\":\"https:\\\/\\\/www.nabytok-prestige.sk\\\/\"},{\"@type\":\"ListItem\",\"position\":2,\"name\":\"Obchod\",\"item\":\"https:\\\/\\\/www.nabytok-prestige.sk\\\/shop\\\/\"},{\"@type\":\"ListItem\",\"position\":3,\"name\":\"Modena sedacia s\u00faprava\"}]},{\"@type\":\"WebSite\",\"@id\":\"https:\\\/\\\/www.nabytok-prestige.sk\\\/#website\",\"url\":\"https:\\\/\\\/www.nabytok-prestige.sk\\\/\",\"name\":\"N\u00e1bytok Prestige, Ru\u017eomberok\",\"description\":\"Sme s Vami u\u017e 31 rokov\",\"publisher\":{\"@id\":\"https:\\\/\\\/www.nabytok-prestige.sk\\\/#organization\"},\"potentialAction\":[{\"@type\":\"SearchAction\",\"target\":{\"@type\":\"EntryPoint\",\"urlTemplate\":\"https:\\\/\\\/www.nabytok-prestige.sk\\\/?s={search_term_string}\"},\"query-input\":{\"@type\":\"PropertyValueSpecification\",\"valueRequired\":true,\"valueName\":\"search_term_string\"}}],\"inLanguage\":\"sk-SK\"},{\"@type\":\"Organization\",\"@id\":\"https:\\\/\\\/www.nabytok-prestige.sk\\\/#organization\",\"name\":\"N\u00e1bytok Prestige, Ru\u017eomberok\",\"url\":\"https:\\\/\\\/www.nabytok-prestige.sk\\\/\",\"logo\":{\"@type\":\"ImageObject\",\"inLanguage\":\"sk-SK\",\"@id\":\"https:\\\/\\\/www.nabytok-prestige.sk\\\/#\\\/schema\\\/logo\\\/image\\\/\",\"url\":\"https:\\\/\\\/d.r1.wbsprt.com\\\/nabytok-prestige.sk\\\/wp-content\\\/uploads\\\/2021\\\/05\\\/Prestige.jpg\",\"contentUrl\":\"https:\\\/\\\/d.r1.wbsprt.com\\\/nabytok-prestige.sk\\\/wp-content\\\/uploads\\\/2021\\\/05\\\/Prestige.jpg\",\"width\":180,\"height\":67,\"caption\":\"N\u00e1bytok Prestige, Ru\u017eomberok\"},\"image\":{\"@id\":\"https:\\\/\\\/www.nabytok-prestige.sk\\\/#\\\/schema\\\/logo\\\/image\\\/\"}}]}<\/script>\n<!-- \/ Yoast SEO plugin. -->","yoast_head_json":{"title":"Modena sedacia s\u00faprava - N\u00e1bytok Prestige, Ru\u017eomberok","description":"MODENA seda\u010dka je modern\u00e1 sedacia s\u00faprava, ktor\u00e1 v\u00e1m spln\u00ed v\u0161etko \u010do od kvalitnej seda\u010dky o\u010dak\u00e1vate.Ocen\u00edte komfort sedenia .","robots":{"index":"index","follow":"follow","max-snippet":"max-snippet:-1","max-image-preview":"max-image-preview:large","max-video-preview":"max-video-preview:-1"},"canonical":"https:\/\/d.r1.wbsprt.com\/nabytok-prestige.sk\/produkt\/modena-sedacia-suprava\/","og_locale":"sk_SK","og_type":"article","og_title":"Modena sedacia s\u00faprava - N\u00e1bytok Prestige, Ru\u017eomberok","og_description":"MODENA seda\u010dka je modern\u00e1 sedacia s\u00faprava, ktor\u00e1 v\u00e1m spln\u00ed v\u0161etko \u010do od kvalitnej seda\u010dky o\u010dak\u00e1vate.Ocen\u00edte komfort sedenia .","og_url":"https:\/\/d.r1.wbsprt.com\/nabytok-prestige.sk\/produkt\/modena-sedacia-suprava\/","og_site_name":"N\u00e1bytok Prestige, Ru\u017eomberok","article_modified_time":"2021-10-18T20:13:30+00:00","og_image":[{"width":900,"height":900,"url":"https:\/\/d.r1.wbsprt.com\/nabytok-prestige.sk\/wp-content\/uploads\/2021\/06\/modena-sedacia-suprava.jpg","type":"image\/jpeg"}],"twitter_card":"summary_large_image","twitter_misc":{"Predpokladan\u00fd \u010das \u010d\u00edtania":"1 min\u00fata"},"schema":{"@context":"https:\/\/schema.org","@graph":[{"@type":"WebPage","@id":"https:\/\/d.r1.wbsprt.com\/nabytok-prestige.sk\/produkt\/modena-sedacia-suprava\/","url":"https:\/\/d.r1.wbsprt.com\/nabytok-prestige.sk\/produkt\/modena-sedacia-suprava\/","name":"Modena sedacia s\u00faprava - N\u00e1bytok Prestige, Ru\u017eomberok","isPartOf":{"@id":"https:\/\/www.nabytok-prestige.sk\/#website"},"primaryImageOfPage":{"@id":"https:\/\/d.r1.wbsprt.com\/nabytok-prestige.sk\/produkt\/modena-sedacia-suprava\/#primaryimage"},"image":{"@id":"https:\/\/d.r1.wbsprt.com\/nabytok-prestige.sk\/produkt\/modena-sedacia-suprava\/#primaryimage"},"thumbnailUrl":"https:\/\/d.r1.wbsprt.com\/nabytok-prestige.sk\/wp-content\/uploads\/2021\/06\/modena-sedacia-suprava.jpg","datePublished":"2021-06-27T21:42:41+00:00","dateModified":"2021-10-18T20:13:30+00:00","description":"MODENA seda\u010dka je modern\u00e1 sedacia s\u00faprava, ktor\u00e1 v\u00e1m spln\u00ed v\u0161etko \u010do od kvalitnej seda\u010dky o\u010dak\u00e1vate.Ocen\u00edte komfort sedenia .","breadcrumb":{"@id":"https:\/\/d.r1.wbsprt.com\/nabytok-prestige.sk\/produkt\/modena-sedacia-suprava\/#breadcrumb"},"inLanguage":"sk-SK","potentialAction":[{"@type":"ReadAction","target":["https:\/\/d.r1.wbsprt.com\/nabytok-prestige.sk\/produkt\/modena-sedacia-suprava\/"]}]},{"@type":"ImageObject","inLanguage":"sk-SK","@id":"https:\/\/d.r1.wbsprt.com\/nabytok-prestige.sk\/produkt\/modena-sedacia-suprava\/#primaryimage","url":"https:\/\/d.r1.wbsprt.com\/nabytok-prestige.sk\/wp-content\/uploads\/2021\/06\/modena-sedacia-suprava.jpg","contentUrl":"https:\/\/d.r1.wbsprt.com\/nabytok-prestige.sk\/wp-content\/uploads\/2021\/06\/modena-sedacia-suprava.jpg","width":900,"height":900,"caption":"Modena sedacia s\u00faprava"},{"@type":"BreadcrumbList","@id":"https:\/\/d.r1.wbsprt.com\/nabytok-prestige.sk\/produkt\/modena-sedacia-suprava\/#breadcrumb","itemListElement":[{"@type":"ListItem","position":1,"name":"Home","item":"https:\/\/www.nabytok-prestige.sk\/"},{"@type":"ListItem","position":2,"name":"Obchod","item":"https:\/\/www.nabytok-prestige.sk\/shop\/"},{"@type":"ListItem","position":3,"name":"Modena sedacia s\u00faprava"}]},{"@type":"WebSite","@id":"https:\/\/www.nabytok-prestige.sk\/#website","url":"https:\/\/www.nabytok-prestige.sk\/","name":"N\u00e1bytok Prestige, Ru\u017eomberok","description":"Sme s Vami u\u017e 31 rokov","publisher":{"@id":"https:\/\/www.nabytok-prestige.sk\/#organization"},"potentialAction":[{"@type":"SearchAction","target":{"@type":"EntryPoint","urlTemplate":"https:\/\/www.nabytok-prestige.sk\/?s={search_term_string}"},"query-input":{"@type":"PropertyValueSpecification","valueRequired":true,"valueName":"search_term_string"}}],"inLanguage":"sk-SK"},{"@type":"Organization","@id":"https:\/\/www.nabytok-prestige.sk\/#organization","name":"N\u00e1bytok Prestige, Ru\u017eomberok","url":"https:\/\/www.nabytok-prestige.sk\/","logo":{"@type":"ImageObject","inLanguage":"sk-SK","@id":"https:\/\/www.nabytok-prestige.sk\/#\/schema\/logo\/image\/","url":"https:\/\/d.r1.wbsprt.com\/nabytok-prestige.sk\/wp-content\/uploads\/2021\/05\/Prestige.jpg","contentUrl":"https:\/\/d.r1.wbsprt.com\/nabytok-prestige.sk\/wp-content\/uploads\/2021\/05\/Prestige.jpg","width":180,"height":67,"caption":"N\u00e1bytok Prestige, Ru\u017eomberok"},"image":{"@id":"https:\/\/www.nabytok-prestige.sk\/#\/schema\/logo\/image\/"}}]}},"_links":{"self":[{"href":"https:\/\/d.r1.wbsprt.com\/nabytok-prestige.sk\/wp-json\/wp\/v2\/product\/7256","targetHints":{"allow":["GET"]}}],"collection":[{"href":"https:\/\/d.r1.wbsprt.com\/nabytok-prestige.sk\/wp-json\/wp\/v2\/product"}],"about":[{"href":"https:\/\/d.r1.wbsprt.com\/nabytok-prestige.sk\/wp-json\/wp\/v2\/types\/product"}],"wp:featuredmedia":[{"embeddable":true,"href":"https:\/\/d.r1.wbsprt.com\/nabytok-prestige.sk\/wp-json\/wp\/v2\/media\/7263"}],"wp:attachment":[{"href":"https:\/\/d.r1.wbsprt.com\/nabytok-prestige.sk\/wp-json\/wp\/v2\/media?parent=7256"}],"wp:term":[{"taxonomy":"product_brand","embeddable":true,"href":"https:\/\/d.r1.wbsprt.com\/nabytok-prestige.sk\/wp-json\/wp\/v2\/product_brand?post=7256"},{"taxonomy":"product_cat","embeddable":true,"href":"https:\/\/d.r1.wbsprt.com\/nabytok-prestige.sk\/wp-json\/wp\/v2\/product_cat?post=7256"},{"taxonomy":"product_tag","embeddable":true,"href":"https:\/\/d.r1.wbsprt.com\/nabytok-prestige.sk\/wp-json\/wp\/v2\/product_tag?post=7256"}],"curies":[{"name":"wp","href":"https:\/\/api.w.org\/{rel}","templated":true}]}}