{"id":5967,"date":"2018-03-13T12:10:22","date_gmt":"2018-03-13T10:10:22","guid":{"rendered":"http:\/\/klasterrr.sk\/?page_id=5967"},"modified":"2025-06-16T13:03:45","modified_gmt":"2025-06-16T11:03:45","slug":"faktury","status":"publish","type":"page","link":"https:\/\/d.r1.wbsprt.com\/krr.sk\/povinne-zverejnovanie\/faktury\/","title":{"rendered":"Fakt\u00fary"},"content":{"rendered":"\t\t<div data-elementor-type=\"wp-page\" data-elementor-id=\"5967\" class=\"elementor elementor-5967\" data-elementor-post-type=\"page\">\n\t\t\t\t\t\t<section class=\"elementor-section elementor-top-section elementor-element elementor-element-ffe58a0 elementor-section-height-min-height elementor-section-content-middle elementor-section-stretched elementor-section-boxed elementor-section-height-default elementor-section-items-middle\" data-id=\"ffe58a0\" data-element_type=\"section\" data-settings=\"{&quot;stretch_section&quot;:&quot;section-stretched&quot;,&quot;jet_parallax_layout_list&quot;:[{&quot;jet_parallax_layout_image&quot;:{&quot;url&quot;:&quot;&quot;,&quot;id&quot;:&quot;&quot;,&quot;size&quot;:&quot;&quot;},&quot;_id&quot;:&quot;2744215&quot;,&quot;jet_parallax_layout_image_tablet&quot;:{&quot;url&quot;:&quot;&quot;,&quot;id&quot;:&quot;&quot;,&quot;size&quot;:&quot;&quot;},&quot;jet_parallax_layout_image_mobile&quot;:{&quot;url&quot;:&quot;&quot;,&quot;id&quot;:&quot;&quot;,&quot;size&quot;:&quot;&quot;},&quot;jet_parallax_layout_speed&quot;:{&quot;unit&quot;:&quot;%&quot;,&quot;size&quot;:50,&quot;sizes&quot;:[]},&quot;jet_parallax_layout_type&quot;:&quot;scroll&quot;,&quot;jet_parallax_layout_direction&quot;:&quot;1&quot;,&quot;jet_parallax_layout_fx_direction&quot;:null,&quot;jet_parallax_layout_z_index&quot;:&quot;&quot;,&quot;jet_parallax_layout_bg_x&quot;:50,&quot;jet_parallax_layout_bg_x_tablet&quot;:&quot;&quot;,&quot;jet_parallax_layout_bg_x_mobile&quot;:&quot;&quot;,&quot;jet_parallax_layout_bg_y&quot;:50,&quot;jet_parallax_layout_bg_y_tablet&quot;:&quot;&quot;,&quot;jet_parallax_layout_bg_y_mobile&quot;:&quot;&quot;,&quot;jet_parallax_layout_bg_size&quot;:&quot;auto&quot;,&quot;jet_parallax_layout_bg_size_tablet&quot;:&quot;&quot;,&quot;jet_parallax_layout_bg_size_mobile&quot;:&quot;&quot;,&quot;jet_parallax_layout_animation_prop&quot;:&quot;transform&quot;,&quot;jet_parallax_layout_on&quot;:[&quot;desktop&quot;,&quot;tablet&quot;]}],&quot;background_background&quot;:&quot;classic&quot;}\">\n\t\t\t\t\t\t<div class=\"elementor-container elementor-column-gap-no\">\n\t\t\t\t\t<div class=\"elementor-column elementor-col-50 elementor-top-column elementor-element elementor-element-967ee49\" data-id=\"967ee49\" data-element_type=\"column\">\n\t\t\t<div class=\"elementor-widget-wrap elementor-element-populated\">\n\t\t\t\t\t\t<div class=\"elementor-element elementor-element-cc15cd4 elementor-widget elementor-widget-heading\" data-id=\"cc15cd4\" data-element_type=\"widget\" data-widget_type=\"heading.default\">\n\t\t\t\t<div class=\"elementor-widget-container\">\n\t\t\t\t\t<h1 class=\"elementor-heading-title elementor-size-default\">Fakt\u00fary<\/h1>\t\t\t\t<\/div>\n\t\t\t\t<\/div>\n\t\t\t\t\t<\/div>\n\t\t<\/div>\n\t\t\t\t<div class=\"elementor-column elementor-col-50 elementor-top-column elementor-element elementor-element-6981da6\" data-id=\"6981da6\" data-element_type=\"column\">\n\t\t\t<div class=\"elementor-widget-wrap elementor-element-populated\">\n\t\t\t\t\t\t<div class=\"elementor-element elementor-element-af76081 jet-breadcrumbs-align-right elementor-widget elementor-widget-jet-breadcrumbs\" data-id=\"af76081\" data-element_type=\"widget\" data-widget_type=\"jet-breadcrumbs.default\">\n\t\t\t\t<div class=\"elementor-widget-container\">\n\t\t\t\t\t<div class=\"elementor-jet-breadcrumbs jet-blocks\">\n\t\t<div class=\"jet-breadcrumbs\">\n\t\t<div class=\"jet-breadcrumbs__content\">\n\t\t<div class=\"jet-breadcrumbs__wrap\"><div class=\"jet-breadcrumbs__item\"><a href=\"https:\/\/d.r1.wbsprt.com\/krr.sk\/\" class=\"jet-breadcrumbs__item-link is-home\" rel=\"home\" title=\"Domov\">Domov<\/a><\/div>\n\t\t<\/div>\n\t\t<\/div>\n\t\t<\/div><\/div>\t\t\t\t<\/div>\n\t\t\t\t<\/div>\n\t\t\t\t\t<\/div>\n\t\t<\/div>\n\t\t\t\t\t<\/div>\n\t\t<\/section>\n\t\t\t\t<section class=\"elementor-section elementor-top-section elementor-element elementor-element-21d751b1 elementor-section-stretched elementor-section-boxed elementor-section-height-default elementor-section-height-default\" data-id=\"21d751b1\" data-element_type=\"section\" data-settings=\"{&quot;jet_parallax_layout_list&quot;:[{&quot;jet_parallax_layout_image&quot;:{&quot;url&quot;:&quot;&quot;,&quot;id&quot;:&quot;&quot;,&quot;size&quot;:&quot;&quot;},&quot;_id&quot;:&quot;8cc4ad5&quot;,&quot;jet_parallax_layout_image_tablet&quot;:{&quot;url&quot;:&quot;&quot;,&quot;id&quot;:&quot;&quot;,&quot;size&quot;:&quot;&quot;},&quot;jet_parallax_layout_image_mobile&quot;:{&quot;url&quot;:&quot;&quot;,&quot;id&quot;:&quot;&quot;,&quot;size&quot;:&quot;&quot;},&quot;jet_parallax_layout_speed&quot;:{&quot;unit&quot;:&quot;%&quot;,&quot;size&quot;:50,&quot;sizes&quot;:[]},&quot;jet_parallax_layout_type&quot;:&quot;scroll&quot;,&quot;jet_parallax_layout_direction&quot;:&quot;1&quot;,&quot;jet_parallax_layout_fx_direction&quot;:null,&quot;jet_parallax_layout_z_index&quot;:&quot;&quot;,&quot;jet_parallax_layout_bg_x&quot;:50,&quot;jet_parallax_layout_bg_x_tablet&quot;:&quot;&quot;,&quot;jet_parallax_layout_bg_x_mobile&quot;:&quot;&quot;,&quot;jet_parallax_layout_bg_y&quot;:50,&quot;jet_parallax_layout_bg_y_tablet&quot;:&quot;&quot;,&quot;jet_parallax_layout_bg_y_mobile&quot;:&quot;&quot;,&quot;jet_parallax_layout_bg_size&quot;:&quot;auto&quot;,&quot;jet_parallax_layout_bg_size_tablet&quot;:&quot;&quot;,&quot;jet_parallax_layout_bg_size_mobile&quot;:&quot;&quot;,&quot;jet_parallax_layout_animation_prop&quot;:&quot;transform&quot;,&quot;jet_parallax_layout_on&quot;:[&quot;desktop&quot;,&quot;tablet&quot;]}],&quot;stretch_section&quot;:&quot;section-stretched&quot;}\">\n\t\t\t\t\t\t<div class=\"elementor-container elementor-column-gap-default\">\n\t\t\t\t\t<div class=\"elementor-column elementor-col-100 elementor-top-column elementor-element elementor-element-4cfd6bf7\" data-id=\"4cfd6bf7\" data-element_type=\"column\">\n\t\t\t<div class=\"elementor-widget-wrap elementor-element-populated\">\n\t\t\t\t\t\t<div class=\"elementor-element elementor-element-4aceaa37 elementor-widget elementor-widget-shortcode\" data-id=\"4aceaa37\" data-element_type=\"widget\" data-widget_type=\"shortcode.default\">\n\t\t\t\t<div class=\"elementor-widget-container\">\n\t\t\t\t\t\t\t<div class=\"elementor-shortcode\">        \n\t\t<table class=\"table table-striped\">\n\t\t<thead>\n\t\t<tr>\n\t\t\t<th>D\u00e1tum<\/th>\n\n            \t\t\t\t<th>\u010c\u00edslo<\/th>\n            \n\t\t\t<th>Predmet<\/th>\n\t\t\t<th>Partner<\/th>\n\t\t\t<th>I\u010cO<\/th>\n\n            \t\t\t\t<th>Cena<\/th>\n            \n\t\t\t<th>Dokument<\/th>\n\t\t<\/tr>\n\t\t<\/thead>\n\t\t<tbody>\n\n        \t\t\t\t<tr>\n\t\t\t\t\t<td>31.12.2023<\/td>\n\n                    \t\t\t\t\t\t<td>10230504<\/td>\n                    \n\t\t\t\t\t<td>Fakt\u00fara - dom\u00e9ny<\/td>\n\t\t\t\t\t<td>NETSYSTEM Slovakia s. r. o.<\/td>\n\t\t\t\t\t<td>36241091<\/td>\n\n                    \t\t\t\t\t\t<td>57,60<\/td>\n                    \n\t\t\t\t\t<td>\n                        \t\t\t\t\t<\/td>\n\t\t\t\t<\/tr>\n\n            \t\t\t\t<tr>\n\t\t\t\t\t<td>31.12.2023<\/td>\n\n                    \t\t\t\t\t\t<td>8341658147<\/td>\n                    \n\t\t\t\t\t<td>Fakt\u00fara - telekom. poplatky<\/td>\n\t\t\t\t\t<td>Slovak Telekom, a. s.<\/td>\n\t\t\t\t\t<td>35763469<\/td>\n\n                    \t\t\t\t\t\t<td>34,90<\/td>\n                    \n\t\t\t\t\t<td>\n                        \t\t\t\t\t<\/td>\n\t\t\t\t<\/tr>\n\n            \t\t\t\t<tr>\n\t\t\t\t\t<td>31.12.2023<\/td>\n\n                    \t\t\t\t\t\t<td>8341666374<\/td>\n                    \n\t\t\t\t\t<td>Fakt\u00fara - telekom. poplatky<\/td>\n\t\t\t\t\t<td>Slovak Telekom, a. s.<\/td>\n\t\t\t\t\t<td>35763469<\/td>\n\n                    \t\t\t\t\t\t<td>72,43<\/td>\n                    \n\t\t\t\t\t<td>\n                        \t\t\t\t\t<\/td>\n\t\t\t\t<\/tr>\n\n            \t\t\t\t<tr>\n\t\t\t\t\t<td>12.12.2023<\/td>\n\n                    \t\t\t\t\t\t<td>210231188<\/td>\n                    \n\t\t\t\t\t<td>Fakt\u00fara - ob\u010derstvenie na gul\u00e1\u0161 akcia<\/td>\n\t\t\t\t\t<td>JRF Bulls s. r. o.<\/td>\n\t\t\t\t\t<td>51961521<\/td>\n\n                    \t\t\t\t\t\t<td>500,01<\/td>\n                    \n\t\t\t\t\t<td>\n                        \t\t\t\t\t<\/td>\n\t\t\t\t<\/tr>\n\n            \t\t\t\t<tr>\n\t\t\t\t\t<td>11.12.2023<\/td>\n\n                    \t\t\t\t\t\t<td>122345735<\/td>\n                    \n\t\t\t\t\t<td>Fakt\u00fara - pren\u00e1jom priestorov 2023 12<\/td>\n\t\t\t\t\t<td>AIRNET s. r. o.<\/td>\n\t\t\t\t\t<td>44996420<\/td>\n\n                    \t\t\t\t\t\t<td>467,16<\/td>\n                    \n\t\t\t\t\t<td>\n                        \t\t\t\t\t<\/td>\n\t\t\t\t<\/tr>\n\n            \t\t\t\t<tr>\n\t\t\t\t\t<td>11.12.2023<\/td>\n\n                    \t\t\t\t\t\t<td>8339873933<\/td>\n                    \n\t\t\t\t\t<td>Fakt\u00fara - telekom. poplatok<\/td>\n\t\t\t\t\t<td>Slovak Telekom, a. s.<\/td>\n\t\t\t\t\t<td>35763469<\/td>\n\n                    \t\t\t\t\t\t<td>72.43<\/td>\n                    \n\t\t\t\t\t<td>\n                        \t\t\t\t\t<\/td>\n\t\t\t\t<\/tr>\n\n            \t\t\t\t<tr>\n\t\t\t\t\t<td>11.12.2023<\/td>\n\n                    \t\t\t\t\t\t<td>8339868928<\/td>\n                    \n\t\t\t\t\t<td>Fakt\u00fara - telekom. poplatok<\/td>\n\t\t\t\t\t<td>Slovak Telekom, a. s.<\/td>\n\t\t\t\t\t<td>35763469<\/td>\n\n                    \t\t\t\t\t\t<td>28,00<\/td>\n                    \n\t\t\t\t\t<td>\n                        \t\t\t\t\t<\/td>\n\t\t\t\t<\/tr>\n\n            \t\t\t\t<tr>\n\t\t\t\t\t<td>13.12.2023<\/td>\n\n                    \t\t\t\t\t\t<td>0605002723<\/td>\n                    \n\t\t\t\t\t<td>Fakt\u00fara - ob\u010derstvenie konferencia<\/td>\n\t\t\t\t\t<td>Slovensk\u00e1 technick\u00e1 univerzita v Bratislave<\/td>\n\t\t\t\t\t<td>00397687<\/td>\n\n                    \t\t\t\t\t\t<td>334,75<\/td>\n                    \n\t\t\t\t\t<td>\n                        \t\t\t\t\t<\/td>\n\t\t\t\t<\/tr>\n\n            \t\t\t\t<tr>\n\t\t\t\t\t<td>8.11.2023<\/td>\n\n                    \t\t\t\t\t\t<td>122341392<\/td>\n                    \n\t\t\t\t\t<td>Fakt\u00fara - pren\u00e1jom priestoru<\/td>\n\t\t\t\t\t<td>AIRNET s. r. o.<\/td>\n\t\t\t\t\t<td>44996420<\/td>\n\n                    \t\t\t\t\t\t<td>467,16<\/td>\n                    \n\t\t\t\t\t<td>\n                        \t\t\t\t\t<\/td>\n\t\t\t\t<\/tr>\n\n            \t\t\t\t<tr>\n\t\t\t\t\t<td>6.11.2023<\/td>\n\n                    \t\t\t\t\t\t<td>8338087384<\/td>\n                    \n\t\t\t\t\t<td>Fakt\u00fara - telekom. poplatok<\/td>\n\t\t\t\t\t<td>Slovak Telekom, a. s.<\/td>\n\t\t\t\t\t<td>35763469<\/td>\n\n                    \t\t\t\t\t\t<td>72,43<\/td>\n                    \n\t\t\t\t\t<td>\n                        \t\t\t\t\t<\/td>\n\t\t\t\t<\/tr>\n\n            \t\t\t\t<tr>\n\t\t\t\t\t<td>6.11.2023<\/td>\n\n                    \t\t\t\t\t\t<td>8338101258<\/td>\n                    \n\t\t\t\t\t<td>Fakt\u00fara - telekom. poplatok<\/td>\n\t\t\t\t\t<td>Slovak Telekom, a. s.<\/td>\n\t\t\t\t\t<td>35763469<\/td>\n\n                    \t\t\t\t\t\t<td>90,56<\/td>\n                    \n\t\t\t\t\t<td>\n                        \t\t\t\t\t<\/td>\n\t\t\t\t<\/tr>\n\n            \t\t\t\t<tr>\n\t\t\t\t\t<td>6.11.2023<\/td>\n\n                    \t\t\t\t\t\t<td>230035<\/td>\n                    \n\t\t\t\t\t<td>Fakt\u00fara - grafick\u00e9 pr\u00e1ce<\/td>\n\t\t\t\t\t<td>Nina Maco\u0161kov\u00e1<\/td>\n\t\t\t\t\t<td>54341353<\/td>\n\n                    \t\t\t\t\t\t<td>20,00<\/td>\n                    \n\t\t\t\t\t<td>\n                        \t\t\t\t\t<\/td>\n\t\t\t\t<\/tr>\n\n            \t\t\t\t<tr>\n\t\t\t\t\t<td>6.11.2023<\/td>\n\n                    \t\t\t\t\t\t<td>230032<\/td>\n                    \n\t\t\t\t\t<td>Fakt\u00fara - grafick\u00e9 pr\u00e1ce<\/td>\n\t\t\t\t\t<td>Nina Maco\u0161kov\u00e1<\/td>\n\t\t\t\t\t<td>54341353<\/td>\n\n                    \t\t\t\t\t\t<td>69,00<\/td>\n                    \n\t\t\t\t\t<td>\n                        \t\t\t\t\t<\/td>\n\t\t\t\t<\/tr>\n\n            \t\t\t\t<tr>\n\t\t\t\t\t<td>16.10.2023<\/td>\n\n                    \t\t\t\t\t\t<td>20230305<\/td>\n                    \n\t\t\t\t\t<td>Fakt\u00fara - spotreba materi\u00e1lu POI tabule<\/td>\n\t\t\t\t\t<td>i2 - industrial innovations, s. r. o.<\/td>\n\t\t\t\t\t<td>5100688<\/td>\n\n                    \t\t\t\t\t\t<td>1 500,00<\/td>\n                    \n\t\t\t\t\t<td>\n                        \t\t\t\t\t<\/td>\n\t\t\t\t<\/tr>\n\n            \t\t\t\t<tr>\n\t\t\t\t\t<td>16.10.2023<\/td>\n\n                    \t\t\t\t\t\t<td>20230134<\/td>\n                    \n\t\t\t\t\t<td>Fakt\u00fara - spotreba materi\u00e1lu<\/td>\n\t\t\t\t\t<td>M\u00e1rio Malatinsk\u00fd RIKO<\/td>\n\t\t\t\t\t<td>33220158<\/td>\n\n                    \t\t\t\t\t\t<td>540,00<\/td>\n                    \n\t\t\t\t\t<td>\n                        \t\t\t\t\t<\/td>\n\t\t\t\t<\/tr>\n\n            \t\t\t\t<tr>\n\t\t\t\t\t<td>12.10.2023<\/td>\n\n                    \t\t\t\t\t\t<td>0012023<\/td>\n                    \n\t\t\t\t\t<td>Fakt\u00fara - po\u010d\u00edta\u010dov\u00e1 slu\u017eba<\/td>\n\t\t\t\t\t<td>Ob\u010dianske zdru\u017eenie Praj<\/td>\n\t\t\t\t\t<td>55573550<\/td>\n\n                    \t\t\t\t\t\t<td>200,00<\/td>\n                    \n\t\t\t\t\t<td>\n                        \t\t\t\t\t<\/td>\n\t\t\t\t<\/tr>\n\n            \t\t\t\t<tr>\n\t\t\t\t\t<td>12.10.2023<\/td>\n\n                    \t\t\t\t\t\t<td>20230007<\/td>\n                    \n\t\t\t\t\t<td>Fakt\u00fara - slu\u017eba textov\u00e1 \u010das\u0165 POI body<\/td>\n\t\t\t\t\t<td>ITermix s. r. o.<\/td>\n\t\t\t\t\t<td>53069871<\/td>\n\n                    \t\t\t\t\t\t<td>6 300 ,00<\/td>\n                    \n\t\t\t\t\t<td>\n                        \t\t\t\t\t<\/td>\n\t\t\t\t<\/tr>\n\n            \t\t\t\t<tr>\n\t\t\t\t\t<td>6.10.2023<\/td>\n\n                    \t\t\t\t\t\t<td>122337157<\/td>\n                    \n\t\t\t\t\t<td>Fakt\u00fara - pren\u00e1jom priestorov<\/td>\n\t\t\t\t\t<td>AIRNET s. r. o.<\/td>\n\t\t\t\t\t<td>44996420<\/td>\n\n                    \t\t\t\t\t\t<td>467,16<\/td>\n                    \n\t\t\t\t\t<td>\n                        \t\t\t\t\t<\/td>\n\t\t\t\t<\/tr>\n\n            \t\t\t\t<tr>\n\t\t\t\t\t<td>6.10.2023<\/td>\n\n                    \t\t\t\t\t\t<td>8336310111<\/td>\n                    \n\t\t\t\t\t<td>Fakt\u00fara - telekom. poplatok<\/td>\n\t\t\t\t\t<td>Slovak Telekom, a. s.<\/td>\n\t\t\t\t\t<td>35763469<\/td>\n\n                    \t\t\t\t\t\t<td>72,43<\/td>\n                    \n\t\t\t\t\t<td>\n                        \t\t\t\t\t<\/td>\n\t\t\t\t<\/tr>\n\n            \t\t\t\t<tr>\n\t\t\t\t\t<td>6.10.2023<\/td>\n\n                    \t\t\t\t\t\t<td>8336322454<\/td>\n                    \n\t\t\t\t\t<td>Fakt\u00fara - telekom. poplatok<\/td>\n\t\t\t\t\t<td>Slovak Telekom, a. s.<\/td>\n\t\t\t\t\t<td>35763469<\/td>\n\n                    \t\t\t\t\t\t<td>29,80<\/td>\n                    \n\t\t\t\t\t<td>\n                        \t\t\t\t\t<\/td>\n\t\t\t\t<\/tr>\n\n            \n\t\t\t<\/tbody>\n\n\t\t\t<\/table>\n\n            \n\t<nav class=\"navigation posts-pagination\" aria-label=\"Str\u00e1nkovanie pr\u00edspevkov\">\n\t\t<h2 class=\"screen-reader-text\">Str\u00e1nkovanie pr\u00edspevkov<\/h2>\n\t\t<div class=\"nav-links\"><span aria-current=\"page\" class=\"page-numbers current\">1<\/span>\n<a class=\"page-numbers\" href=\"https:\/\/d.r1.wbsprt.com\/krr.sk\/wp-json\/wp\/v2\/pages\/5967\/page\/2\/\">2<\/a>\n<a class=\"page-numbers\" href=\"https:\/\/d.r1.wbsprt.com\/krr.sk\/wp-json\/wp\/v2\/pages\/5967\/page\/3\/\">3<\/a>\n<span class=\"page-numbers dots\">&hellip;<\/span>\n<a class=\"page-numbers\" href=\"https:\/\/d.r1.wbsprt.com\/krr.sk\/wp-json\/wp\/v2\/pages\/5967\/page\/30\/\">30<\/a>\n<a class=\"next page-numbers\" href=\"https:\/\/d.r1.wbsprt.com\/krr.sk\/wp-json\/wp\/v2\/pages\/5967\/page\/2\/\">\u010ealej &raquo;<\/a><\/div>\n\t<\/nav>\n        \n        <\/div>\n\t\t\t\t\t\t<\/div>\n\t\t\t\t<\/div>\n\t\t\t\t\t<\/div>\n\t\t<\/div>\n\t\t\t\t\t<\/div>\n\t\t<\/section>\n\t\t\t\t<\/div>\n\t\t","protected":false},"excerpt":{"rendered":"<p>Fakt\u00fary Domov<\/p>\n","protected":false},"author":9,"featured_media":0,"parent":544,"menu_order":0,"comment_status":"closed","ping_status":"closed","template":"","meta":{"_acf_changed":false,"footnotes":""},"class_list":["post-5967","page","type-page","status-publish","hentry"],"acf":[],"_links":{"self":[{"href":"https:\/\/d.r1.wbsprt.com\/krr.sk\/wp-json\/wp\/v2\/pages\/5967","targetHints":{"allow":["GET"]}}],"collection":[{"href":"https:\/\/d.r1.wbsprt.com\/krr.sk\/wp-json\/wp\/v2\/pages"}],"about":[{"href":"https:\/\/d.r1.wbsprt.com\/krr.sk\/wp-json\/wp\/v2\/types\/page"}],"author":[{"embeddable":true,"href":"https:\/\/d.r1.wbsprt.com\/krr.sk\/wp-json\/wp\/v2\/users\/9"}],"replies":[{"embeddable":true,"href":"https:\/\/d.r1.wbsprt.com\/krr.sk\/wp-json\/wp\/v2\/comments?post=5967"}],"version-history":[{"count":4,"href":"https:\/\/d.r1.wbsprt.com\/krr.sk\/wp-json\/wp\/v2\/pages\/5967\/revisions"}],"predecessor-version":[{"id":13776,"href":"https:\/\/d.r1.wbsprt.com\/krr.sk\/wp-json\/wp\/v2\/pages\/5967\/revisions\/13776"}],"up":[{"embeddable":true,"href":"https:\/\/d.r1.wbsprt.com\/krr.sk\/wp-json\/wp\/v2\/pages\/544"}],"wp:attachment":[{"href":"https:\/\/d.r1.wbsprt.com\/krr.sk\/wp-json\/wp\/v2\/media?parent=5967"}],"curies":[{"name":"wp","href":"https:\/\/api.w.org\/{rel}","templated":true}]}}