{"id":437,"date":"2019-02-08T14:15:57","date_gmt":"2019-02-08T14:15:57","guid":{"rendered":"http:\/\/inklucity.sk\/?page_id=437"},"modified":"2026-01-09T06:10:57","modified_gmt":"2026-01-09T06:10:57","slug":"2percenta","status":"publish","type":"page","link":"https:\/\/d.r1.wbsprt.com\/inklucity.sk\/2percenta\/","title":{"rendered":"2 % pre InkluCiTy"},"content":{"rendered":"\n<p>Vyu\u017eite svoje pr\u00e1vo ur\u010di\u0165, na \u010do sa pou\u017eije a\u017e 6% z Va\u0161ich dan\u00ed.<\/p>\n\n\n\n<p>Ko\u013eko percent m\u00f4\u017eete darova\u0165?<br>&#8211; ak ste SZ\u010cO alebo zamestnanec, m\u00f4\u017eete pouk\u00e1za\u0165 2%<br>&#8211; ak ste dobrovo\u013en\u00edk, m\u00f4\u017eete pouk\u00e1za\u0165 3%<br>&#8211; a z\u00e1rove\u0148 m\u00f4\u017eete darova\u0165 po dve percent\u00e1 svojim rodi\u010dom<br>&#8211; ak ste firma, m\u00f4\u017eete pouk\u00e1za\u0165 1% alebo 2% (2%, ak firma po\u010das roka venovala dar na verejnoprospe\u0161n\u00fd \u00fa\u010del)<\/p>\n\n\n\n<p>\u00dadaje o na\u0161om ob\u010dianskom zdru\u017een\u00ed potrebn\u00e9 na vyplnenie formul\u00e1ra:<\/p>\n\n\n\n<p>n\u00e1zov:&nbsp; &nbsp; &nbsp; &nbsp; &nbsp; &nbsp; &nbsp; &nbsp; &nbsp; &nbsp; &nbsp; &nbsp; &nbsp; &nbsp; &nbsp; &nbsp; &nbsp; &nbsp; &nbsp; &nbsp; &nbsp; &nbsp; &nbsp; &nbsp; &nbsp; &nbsp; &nbsp; &nbsp; &nbsp; &nbsp; &nbsp; &nbsp; &nbsp; &nbsp; &nbsp; &nbsp; &nbsp; &nbsp; &nbsp;INKLUCITY<br>pr\u00e1vna forma:&nbsp; &nbsp; &nbsp; &nbsp; &nbsp; &nbsp; &nbsp; &nbsp; &nbsp; &nbsp; &nbsp; &nbsp; &nbsp; &nbsp; &nbsp; &nbsp; &nbsp; &nbsp; &nbsp; &nbsp; &nbsp; &nbsp; &nbsp; &nbsp; &nbsp; &nbsp; &nbsp; &nbsp; &nbsp; &nbsp; &nbsp;ob\u010dianske zdru\u017eenie<br>identifika\u010dn\u00e9 \u010d\u00edslo prij\u00edmate\u013ea (I\u010cO\/SID):&nbsp; &nbsp; &nbsp;50629191<br>s\u00eddlo (ulica, \u010d\u00edslo, PS\u010c, obec):&nbsp; &nbsp; &nbsp; &nbsp; &nbsp; &nbsp; &nbsp; &nbsp; &nbsp; &nbsp; &nbsp; &nbsp; &nbsp; &nbsp; &nbsp;Gessayova 43, 85103 Bratislava<\/p>\n\n\n\n<p>V not\u00e1rskom registri poberate\u013eov percent z dan\u00ed n\u00e1s n\u00e1jdete tu:<\/p>\n\n\n\n<p><a href=\"https:\/\/www.notar.sk\/prijimatelia\/?applicantName=inklucity\" target=\"_blank\" rel=\"noopener noreferrer\">Not\u00e1rsky centr\u00e1lny register ur\u010den\u00fdch pr\u00e1vnick\u00fdch os\u00f4b<\/a><\/p>\n\n\n\n<div>Vypl\u0148te a vytla\u010dte:<\/div>\n\n\n\n<div>&nbsp;<\/div>\n\n\n\n<div class=\"wp-block-file\"><a id=\"wp-block-file--media-828c831b-533b-4c63-bc52-a121f95cef6f\" href=\"https:\/\/www.inklucity.sk\/wp-content\/uploads\/2026\/01\/tlacivo-vyhlasenie-2-2025_edit_InkluCiTy.pdf\"><strong>Vyhl\u00e1senie pouk\u00e1zan\u00ed podielu zaplatenej dane z pr\u00edjmov fyzickej osoby (.pdf)<\/strong><\/a><a href=\"https:\/\/www.inklucity.sk\/wp-content\/uploads\/2026\/01\/tlacivo-vyhlasenie-2-2025_edit_InkluCiTy.pdf\" class=\"wp-block-file__button wp-element-button\" download aria-describedby=\"wp-block-file--media-828c831b-533b-4c63-bc52-a121f95cef6f\">Stiahnu\u0165<\/a><\/div>\n\n\n\n<p><br>a<\/p>\n\n\n\n<div class=\"wp-block-file\"><a id=\"wp-block-file--media-b9a23584-a6ad-4bb3-81a0-a19857aac331\" href=\"https:\/\/www.inklucity.sk\/wp-content\/uploads\/2026\/01\/2025.12.09_potvrd_dan.pdf\"><strong>Potvrdenie o zaplaten\u00ed dane z pr\u00edjmov zo z\u00e1vislej \u010dinnosti  (.pdf)<\/strong><\/a><a href=\"https:\/\/www.inklucity.sk\/wp-content\/uploads\/2026\/01\/2025.12.09_potvrd_dan.pdf\" class=\"wp-block-file__button wp-element-button\" download aria-describedby=\"wp-block-file--media-b9a23584-a6ad-4bb3-81a0-a19857aac331\">Stiahnu\u0165<\/a><\/div>\n\n\n\n<p><\/p>\n\n\n\n<p>Najnesk\u00f4r&nbsp;<strong>do 30.4.2026&nbsp;<\/strong>doru\u010dte obe tla\u010div\u00e1 (<em>Potvrdenie&nbsp;<\/em>aj&nbsp;<em>Vyhl\u00e1senie<\/em>) na da\u0148ov\u00fd \u00farad pod\u013ea v\u00e1\u0161ho bydliska.<\/p>\n\n\n\n<p><\/p>\n\n\n\n<p>Ak chcete prispie\u0165 priamo na niektor\u00fa z na\u0161ich aktiv\u00edt (BAklub, aktivizmus, peer poradenstvo at\u010f), pros\u00edme, po\u0161lite n\u00e1m spr\u00e1vu o v\u00fd\u0161ke va\u0161ich 2 resp. 3%.<\/p>\n\n\n\n<p>\u010eakujeme!<\/p>\n","protected":false},"excerpt":{"rendered":"<p>Vyu\u017eite svoje pr\u00e1vo ur\u010di\u0165, na \u010do sa pou\u017eije a\u017e 6% z Va\u0161ich dan\u00ed. Ko\u013eko percent m\u00f4\u017eete darova\u0165?&#8211; ak ste SZ\u010cO alebo zamestnanec, m\u00f4\u017eete pouk\u00e1za\u0165 2%&#8211; ak ste dobrovo\u013en\u00edk, m\u00f4\u017eete pouk\u00e1za\u0165 &hellip; <\/p>\n<p class=\"link-more\"><a href=\"https:\/\/d.r1.wbsprt.com\/inklucity.sk\/2percenta\/\" class=\"more-link\">Pokra\u010dova\u0165 v \u010d\u00edtan\u00ed<span class=\"screen-reader-text\"> &#8222;2 % pre InkluCiTy&#8220;<\/span><\/a><\/p>\n","protected":false},"author":6,"featured_media":1069,"parent":0,"menu_order":0,"comment_status":"closed","ping_status":"closed","template":"","meta":{"footnotes":""},"class_list":["post-437","page","type-page","status-publish","has-post-thumbnail","hentry"],"_links":{"self":[{"href":"https:\/\/d.r1.wbsprt.com\/inklucity.sk\/wp-json\/wp\/v2\/pages\/437","targetHints":{"allow":["GET"]}}],"collection":[{"href":"https:\/\/d.r1.wbsprt.com\/inklucity.sk\/wp-json\/wp\/v2\/pages"}],"about":[{"href":"https:\/\/d.r1.wbsprt.com\/inklucity.sk\/wp-json\/wp\/v2\/types\/page"}],"author":[{"embeddable":true,"href":"https:\/\/d.r1.wbsprt.com\/inklucity.sk\/wp-json\/wp\/v2\/users\/6"}],"replies":[{"embeddable":true,"href":"https:\/\/d.r1.wbsprt.com\/inklucity.sk\/wp-json\/wp\/v2\/comments?post=437"}],"version-history":[{"count":47,"href":"https:\/\/d.r1.wbsprt.com\/inklucity.sk\/wp-json\/wp\/v2\/pages\/437\/revisions"}],"predecessor-version":[{"id":2224,"href":"https:\/\/d.r1.wbsprt.com\/inklucity.sk\/wp-json\/wp\/v2\/pages\/437\/revisions\/2224"}],"wp:featuredmedia":[{"embeddable":true,"href":"https:\/\/d.r1.wbsprt.com\/inklucity.sk\/wp-json\/wp\/v2\/media\/1069"}],"wp:attachment":[{"href":"https:\/\/d.r1.wbsprt.com\/inklucity.sk\/wp-json\/wp\/v2\/media?parent=437"}],"curies":[{"name":"wp","href":"https:\/\/api.w.org\/{rel}","templated":true}]}}