{"id":1448,"date":"2025-09-11T14:59:52","date_gmt":"2025-09-11T14:59:52","guid":{"rendered":"https:\/\/www.inklucity.sk\/?page_id=1448"},"modified":"2025-12-27T13:36:24","modified_gmt":"2025-12-27T13:36:24","slug":"peer-poradenstvo","status":"publish","type":"page","link":"https:\/\/d.r1.wbsprt.com\/inklucity.sk\/peer-poradenstvo\/","title":{"rendered":"Peer poradenstvo"},"content":{"rendered":"\n<p>Peer poradenstvo a svojpomocn\u00e9 skupiny pre rodi\u010dov det\u00ed v individu\u00e1lnom vzdel\u00e1van\u00ed robia u n\u00e1s peer poradkyne <a href=\"https:\/\/www.platformarodin.sk\/poradenstvo\/peer-poradenstvo\/\">Platformy <\/a>rod\u00edn det\u00ed so zdravotn\u00fdm znev\u00fdhodnen\u00edm, po v\u00fdcviku a pod superv\u00edziou a priebe\u017en\u00fdm vzdel\u00e1van\u00edm a v spolupr\u00e1ci s <a href=\"https:\/\/www.domacevzdelavanie.sk\/kontakt\/\">OZ <\/a>Dom\u00e1ce vzdel\u00e1vanie na Slovensku ako dlhoro\u010dn\u00e9 konzultantky pre rodiny, \u0161koly, poradne, laick\u00fa aj odborn\u00fa verejnos\u0165, \u0161pecificky v pr\u00edpadoch individu\u00e1lneho vzdel\u00e1vania vyn\u00faten\u00e9ho znev\u00fdhodnen\u00edm die\u0165a\u0165a a syst\u00e9mom. <\/p>\n\n\n\n<p>Platforma rod\u00edn definuje peer poradenstvo takto: Peer poradkyne s\u00fa tu pre rodi\u010dov det\u00ed so zdravotn\u00fdm znev\u00fdhodnen\u00edm, ktor\u00ed potrebuj\u00fa pomoc a chc\u00fa radu od niekoho, kto si obdobn\u00fdmi situ\u00e1ciami u\u017e pre\u0161iel a dok\u00e1\u017ee ich spr\u00e1vne nasmerova\u0165. S\u00fa to tie\u017e rodi\u010dia zdravotne znev\u00fdhodnen\u00fdch det\u00ed, maj\u00fa cenn\u00e9 sk\u00fasenosti a vedomosti, o ktor\u00e9 sa s vami radi podelia. Dodr\u017eiavaj\u00fa Etick\u00fd k\u00f3dex a absolvovali 120 hod\u00edn vzdel\u00e1vania s odborn\u00edkmi, aby ich poradenstvo bolo bezpe\u010dn\u00e9 a naozaj pomohlo. V pr\u00edpade potreby v\u00e1s peer poradky\u0148a odk\u00e1\u017ee&nbsp;na&nbsp;odborn\u00edkov. <\/p>\n\n\n\n<p>Svojpomocn\u00e1 skupina: Svojpomocn\u00e1 skupina je neform\u00e1lne zoskupenie \u013eud\u00ed, ktor\u00ed zdie\u013eaj\u00fa podobn\u00e9 \u017eivotn\u00e9 sk\u00fasenosti, \u0165a\u017ekosti alebo postihnutia a navz\u00e1jom sa podporuj\u00fa bez profesion\u00e1lneho vedenia. Hlavn\u00fdm cie\u013eom je vytvori\u0165 bezpe\u010dn\u00fd priestor na zdie\u013eanie probl\u00e9mov, v\u00fdmenu n\u00e1zorov a budovanie vz\u00e1jomnej podpory a n\u00e1deje medzi \u013eu\u010fmi v rovnakej&nbsp;situ\u00e1cii. <\/p>\n\n\n\n<p>Kontakty: inklucity@gmail.com, <a href=\"https:\/\/www.inklucity.sk\/?page_id=1449\" data-type=\"page\" data-id=\"1449\">Lucia <\/a>0904558536, <a href=\"https:\/\/www.inklucity.sk\/?page_id=1450\" data-type=\"page\" data-id=\"1450\">Sa\u0161ka<\/a> 0905563009<\/p>\n\n\n\n<p><\/p>\n","protected":false},"excerpt":{"rendered":"<p>Peer poradenstvo a svojpomocn\u00e9 skupiny pre rodi\u010dov det\u00ed v individu\u00e1lnom vzdel\u00e1van\u00ed robia u n\u00e1s peer poradkyne Platformy rod\u00edn det\u00ed so zdravotn\u00fdm znev\u00fdhodnen\u00edm, po v\u00fdcviku a pod superv\u00edziou a priebe\u017en\u00fdm vzdel\u00e1van\u00edm &hellip; <\/p>\n<p class=\"link-more\"><a href=\"https:\/\/d.r1.wbsprt.com\/inklucity.sk\/peer-poradenstvo\/\" class=\"more-link\">Pokra\u010dova\u0165 v \u010d\u00edtan\u00ed<span class=\"screen-reader-text\"> &#8222;Peer poradenstvo&#8220;<\/span><\/a><\/p>\n","protected":false},"author":2,"featured_media":0,"parent":0,"menu_order":0,"comment_status":"closed","ping_status":"closed","template":"","meta":{"footnotes":""},"class_list":["post-1448","page","type-page","status-publish","hentry"],"_links":{"self":[{"href":"https:\/\/d.r1.wbsprt.com\/inklucity.sk\/wp-json\/wp\/v2\/pages\/1448","targetHints":{"allow":["GET"]}}],"collection":[{"href":"https:\/\/d.r1.wbsprt.com\/inklucity.sk\/wp-json\/wp\/v2\/pages"}],"about":[{"href":"https:\/\/d.r1.wbsprt.com\/inklucity.sk\/wp-json\/wp\/v2\/types\/page"}],"author":[{"embeddable":true,"href":"https:\/\/d.r1.wbsprt.com\/inklucity.sk\/wp-json\/wp\/v2\/users\/2"}],"replies":[{"embeddable":true,"href":"https:\/\/d.r1.wbsprt.com\/inklucity.sk\/wp-json\/wp\/v2\/comments?post=1448"}],"version-history":[{"count":2,"href":"https:\/\/d.r1.wbsprt.com\/inklucity.sk\/wp-json\/wp\/v2\/pages\/1448\/revisions"}],"predecessor-version":[{"id":2206,"href":"https:\/\/d.r1.wbsprt.com\/inklucity.sk\/wp-json\/wp\/v2\/pages\/1448\/revisions\/2206"}],"wp:attachment":[{"href":"https:\/\/d.r1.wbsprt.com\/inklucity.sk\/wp-json\/wp\/v2\/media?parent=1448"}],"curies":[{"name":"wp","href":"https:\/\/api.w.org\/{rel}","templated":true}]}}