{"id":2051,"date":"2023-04-28T11:35:59","date_gmt":"2023-04-28T09:35:59","guid":{"rendered":"https:\/\/beservice.sk\/?post_type=portfolio&#038;p=2051"},"modified":"2023-04-28T11:35:59","modified_gmt":"2023-04-28T09:35:59","slug":"oprava-a-pretesnenie-stresneho-svetlika-a-zvislej-casti-presklenej-fasady-na-objekte-karloveske-rameno-6-bratislava","status":"publish","type":"portfolio","link":"https:\/\/d.r1.wbsprt.com\/beservice.sk\/project\/oprava-a-pretesnenie-stresneho-svetlika-a-zvislej-casti-presklenej-fasady-na-objekte-karloveske-rameno-6-bratislava\/","title":{"rendered":"Oprava a\u00a0pretesnenie stre\u0161n\u00e9ho svetl\u00edka a zvislej \u010dasti presklenej fas\u00e1dy na objekte Karlovesk\u00e9 rameno 6 Bratislava"},"content":{"rendered":"\n        <style type='text\/css'>\n            #gallery-1 .gallery-item {\n                float: left;\n                text-align: center;\n                width: 33.3333333333%;\n                margin-bottom:0;\n            }\n            #gallery-1 img {\n            }\n            #gallery-1 .gallery-caption {\n                margin-left: 0;\n            }\n        <\/style>\n\t\t<div id='gallery-1' class='gallery  gallery-columns-3 gallery-size-medium-thumb gallery-lightbox'><dl class='gallery-item'>\n            <dt class='gallery-icon'>\n                <a href='https:\/\/d.r1.wbsprt.com\/beservice.sk\/wp-content\/uploads\/2023\/04\/Oprava-a-pretesnenie-stresneho-svetlika-a-zvislej-casti-presklenej-fasady-na-objekte-Karloveske-rameno-6-Bratislava.jpg'><img loading=\"lazy\" decoding=\"async\" width=\"350\" height=\"300\" src=\"https:\/\/d.r1.wbsprt.com\/beservice.sk\/wp-content\/uploads\/2023\/04\/Oprava-a-pretesnenie-stresneho-svetlika-a-zvislej-casti-presklenej-fasady-na-objekte-Karloveske-rameno-6-Bratislava-350x300.jpg\" class=\"attachment-medium-thumb size-medium-thumb\" alt=\"\" \/><\/a>\n            <\/dt><\/dl>\n            <div class=\"clear\"><\/div>\n        <\/div>\n\n","protected":false},"excerpt":{"rendered":"","protected":false},"author":3,"featured_media":2053,"comment_status":"closed","ping_status":"closed","template":"","meta":{"_mi_skip_tracking":false,"_monsterinsights_sitenote_active":false,"_monsterinsights_sitenote_note":"","_monsterinsights_sitenote_category":0},"portfolio_category":[70],"portfolio_tag":[],"yoast_head":"<!-- This site is optimized with the Yoast SEO plugin v20.10 - https:\/\/yoast.com\/wordpress\/plugins\/seo\/ -->\n<title>Oprava a\u00a0pretesnenie stre\u0161n\u00e9ho svetl\u00edka a zvislej \u010dasti presklenej fas\u00e1dy na objekte Karlovesk\u00e9 rameno 6 Bratislava - beservice.sk<\/title>\n<meta name=\"description\" content=\"BESERVICE - na\u0161e rie\u0161enia: Oprava a\u00a0pretesnenie stre\u0161n\u00e9ho svetl\u00edka a zvislej \u010dasti presklenej fas\u00e1dy na objekte Karlovesk\u00e9 rameno 6 Bratislava\" \/>\n<meta name=\"robots\" content=\"index, follow, max-snippet:-1, max-image-preview:large, max-video-preview:-1\" \/>\n<link rel=\"canonical\" href=\"https:\/\/beservice.sk\/project\/oprava-a-pretesnenie-stresneho-svetlika-a-zvislej-casti-presklenej-fasady-na-objekte-karloveske-rameno-6-bratislava\/\" \/>\n<meta property=\"og:locale\" content=\"sk_SK\" \/>\n<meta property=\"og:type\" content=\"article\" \/>\n<meta property=\"og:title\" content=\"Oprava a\u00a0pretesnenie stre\u0161n\u00e9ho svetl\u00edka a zvislej \u010dasti presklenej fas\u00e1dy na objekte Karlovesk\u00e9 rameno 6 Bratislava - beservice.sk\" \/>\n<meta property=\"og:description\" content=\"BESERVICE - na\u0161e rie\u0161enia: Oprava a\u00a0pretesnenie stre\u0161n\u00e9ho svetl\u00edka a zvislej \u010dasti presklenej fas\u00e1dy na objekte Karlovesk\u00e9 rameno 6 Bratislava\" \/>\n<meta property=\"og:url\" content=\"https:\/\/beservice.sk\/project\/oprava-a-pretesnenie-stresneho-svetlika-a-zvislej-casti-presklenej-fasady-na-objekte-karloveske-rameno-6-bratislava\/\" \/>\n<meta property=\"og:site_name\" content=\"beservice.sk\" \/>\n<meta property=\"og:image\" content=\"https:\/\/beservice.sk\/wp-content\/uploads\/2023\/04\/Oprava-a-pretesnenie-stresneho-svetlika-a-zvislej-casti-presklenej-fasady-na-objekte-Karloveske-rameno-6-Bratislava.jpg\" \/>\n\t<meta property=\"og:image:width\" content=\"350\" \/>\n\t<meta property=\"og:image:height\" content=\"467\" \/>\n\t<meta property=\"og:image:type\" content=\"image\/jpeg\" \/>\n<meta name=\"twitter:card\" content=\"summary_large_image\" \/>\n<meta name=\"twitter:label1\" content=\"Predpokladan\u00fd \u010das \u010d\u00edtania\" \/>\n\t<meta name=\"twitter:data1\" content=\"1 min\u00fata\" \/>\n<script type=\"application\/ld+json\" class=\"yoast-schema-graph\">{\"@context\":\"https:\/\/schema.org\",\"@graph\":[{\"@type\":\"WebPage\",\"@id\":\"https:\/\/beservice.sk\/project\/oprava-a-pretesnenie-stresneho-svetlika-a-zvislej-casti-presklenej-fasady-na-objekte-karloveske-rameno-6-bratislava\/\",\"url\":\"https:\/\/beservice.sk\/project\/oprava-a-pretesnenie-stresneho-svetlika-a-zvislej-casti-presklenej-fasady-na-objekte-karloveske-rameno-6-bratislava\/\",\"name\":\"Oprava a\u00a0pretesnenie stre\u0161n\u00e9ho svetl\u00edka a zvislej \u010dasti presklenej fas\u00e1dy na objekte Karlovesk\u00e9 rameno 6 Bratislava - beservice.sk\",\"isPartOf\":{\"@id\":\"https:\/\/beservice.sk\/#website\"},\"datePublished\":\"2023-04-28T09:35:59+00:00\",\"dateModified\":\"2023-04-28T09:35:59+00:00\",\"description\":\"BESERVICE - na\u0161e rie\u0161enia: Oprava a\u00a0pretesnenie stre\u0161n\u00e9ho svetl\u00edka a zvislej \u010dasti presklenej fas\u00e1dy na objekte Karlovesk\u00e9 rameno 6 Bratislava\",\"breadcrumb\":{\"@id\":\"https:\/\/beservice.sk\/project\/oprava-a-pretesnenie-stresneho-svetlika-a-zvislej-casti-presklenej-fasady-na-objekte-karloveske-rameno-6-bratislava\/#breadcrumb\"},\"inLanguage\":\"sk-SK\",\"potentialAction\":[{\"@type\":\"ReadAction\",\"target\":[\"https:\/\/beservice.sk\/project\/oprava-a-pretesnenie-stresneho-svetlika-a-zvislej-casti-presklenej-fasady-na-objekte-karloveske-rameno-6-bratislava\/\"]}]},{\"@type\":\"BreadcrumbList\",\"@id\":\"https:\/\/beservice.sk\/project\/oprava-a-pretesnenie-stresneho-svetlika-a-zvislej-casti-presklenej-fasady-na-objekte-karloveske-rameno-6-bratislava\/#breadcrumb\",\"itemListElement\":[{\"@type\":\"ListItem\",\"position\":1,\"name\":\"Home\",\"item\":\"https:\/\/beservice.sk\/\"},{\"@type\":\"ListItem\",\"position\":2,\"name\":\"Oprava a\u00a0pretesnenie stre\u0161n\u00e9ho svetl\u00edka a zvislej \u010dasti presklenej fas\u00e1dy na objekte Karlovesk\u00e9 rameno 6 Bratislava\"}]},{\"@type\":\"WebSite\",\"@id\":\"https:\/\/beservice.sk\/#website\",\"url\":\"https:\/\/beservice.sk\/\",\"name\":\"beservice.sk\",\"description\":\"Spo\u013eahliv\u00fd partner v oblasti \u00fadr\u017eby a servisu obvodov\u00fdch pl\u00e1\u0161\u0165ov a v\u00fdpln\u00ed stavebn\u00fdch otvorov\",\"potentialAction\":[{\"@type\":\"SearchAction\",\"target\":{\"@type\":\"EntryPoint\",\"urlTemplate\":\"https:\/\/beservice.sk\/?s={search_term_string}\"},\"query-input\":\"required name=search_term_string\"}],\"inLanguage\":\"sk-SK\"}]}<\/script>\n<!-- \/ Yoast SEO plugin. -->","yoast_head_json":{"title":"Oprava a\u00a0pretesnenie stre\u0161n\u00e9ho svetl\u00edka a zvislej \u010dasti presklenej fas\u00e1dy na objekte Karlovesk\u00e9 rameno 6 Bratislava - beservice.sk","description":"BESERVICE - na\u0161e rie\u0161enia: Oprava a\u00a0pretesnenie stre\u0161n\u00e9ho svetl\u00edka a zvislej \u010dasti presklenej fas\u00e1dy na objekte Karlovesk\u00e9 rameno 6 Bratislava","robots":{"index":"index","follow":"follow","max-snippet":"max-snippet:-1","max-image-preview":"max-image-preview:large","max-video-preview":"max-video-preview:-1"},"canonical":"https:\/\/beservice.sk\/project\/oprava-a-pretesnenie-stresneho-svetlika-a-zvislej-casti-presklenej-fasady-na-objekte-karloveske-rameno-6-bratislava\/","og_locale":"sk_SK","og_type":"article","og_title":"Oprava a\u00a0pretesnenie stre\u0161n\u00e9ho svetl\u00edka a zvislej \u010dasti presklenej fas\u00e1dy na objekte Karlovesk\u00e9 rameno 6 Bratislava - beservice.sk","og_description":"BESERVICE - na\u0161e rie\u0161enia: Oprava a\u00a0pretesnenie stre\u0161n\u00e9ho svetl\u00edka a zvislej \u010dasti presklenej fas\u00e1dy na objekte Karlovesk\u00e9 rameno 6 Bratislava","og_url":"https:\/\/beservice.sk\/project\/oprava-a-pretesnenie-stresneho-svetlika-a-zvislej-casti-presklenej-fasady-na-objekte-karloveske-rameno-6-bratislava\/","og_site_name":"beservice.sk","og_image":[{"width":350,"height":467,"url":"https:\/\/beservice.sk\/wp-content\/uploads\/2023\/04\/Oprava-a-pretesnenie-stresneho-svetlika-a-zvislej-casti-presklenej-fasady-na-objekte-Karloveske-rameno-6-Bratislava.jpg","type":"image\/jpeg"}],"twitter_card":"summary_large_image","twitter_misc":{"Predpokladan\u00fd \u010das \u010d\u00edtania":"1 min\u00fata"},"schema":{"@context":"https:\/\/schema.org","@graph":[{"@type":"WebPage","@id":"https:\/\/beservice.sk\/project\/oprava-a-pretesnenie-stresneho-svetlika-a-zvislej-casti-presklenej-fasady-na-objekte-karloveske-rameno-6-bratislava\/","url":"https:\/\/beservice.sk\/project\/oprava-a-pretesnenie-stresneho-svetlika-a-zvislej-casti-presklenej-fasady-na-objekte-karloveske-rameno-6-bratislava\/","name":"Oprava a\u00a0pretesnenie stre\u0161n\u00e9ho svetl\u00edka a zvislej \u010dasti presklenej fas\u00e1dy na objekte Karlovesk\u00e9 rameno 6 Bratislava - beservice.sk","isPartOf":{"@id":"https:\/\/beservice.sk\/#website"},"datePublished":"2023-04-28T09:35:59+00:00","dateModified":"2023-04-28T09:35:59+00:00","description":"BESERVICE - na\u0161e rie\u0161enia: Oprava a\u00a0pretesnenie stre\u0161n\u00e9ho svetl\u00edka a zvislej \u010dasti presklenej fas\u00e1dy na objekte Karlovesk\u00e9 rameno 6 Bratislava","breadcrumb":{"@id":"https:\/\/beservice.sk\/project\/oprava-a-pretesnenie-stresneho-svetlika-a-zvislej-casti-presklenej-fasady-na-objekte-karloveske-rameno-6-bratislava\/#breadcrumb"},"inLanguage":"sk-SK","potentialAction":[{"@type":"ReadAction","target":["https:\/\/beservice.sk\/project\/oprava-a-pretesnenie-stresneho-svetlika-a-zvislej-casti-presklenej-fasady-na-objekte-karloveske-rameno-6-bratislava\/"]}]},{"@type":"BreadcrumbList","@id":"https:\/\/beservice.sk\/project\/oprava-a-pretesnenie-stresneho-svetlika-a-zvislej-casti-presklenej-fasady-na-objekte-karloveske-rameno-6-bratislava\/#breadcrumb","itemListElement":[{"@type":"ListItem","position":1,"name":"Home","item":"https:\/\/beservice.sk\/"},{"@type":"ListItem","position":2,"name":"Oprava a\u00a0pretesnenie stre\u0161n\u00e9ho svetl\u00edka a zvislej \u010dasti presklenej fas\u00e1dy na objekte Karlovesk\u00e9 rameno 6 Bratislava"}]},{"@type":"WebSite","@id":"https:\/\/beservice.sk\/#website","url":"https:\/\/beservice.sk\/","name":"beservice.sk","description":"Spo\u013eahliv\u00fd partner v oblasti \u00fadr\u017eby a servisu obvodov\u00fdch pl\u00e1\u0161\u0165ov a v\u00fdpln\u00ed stavebn\u00fdch otvorov","potentialAction":[{"@type":"SearchAction","target":{"@type":"EntryPoint","urlTemplate":"https:\/\/beservice.sk\/?s={search_term_string}"},"query-input":"required name=search_term_string"}],"inLanguage":"sk-SK"}]}},"_links":{"self":[{"href":"https:\/\/d.r1.wbsprt.com\/beservice.sk\/wp-json\/wp\/v2\/portfolio\/2051"}],"collection":[{"href":"https:\/\/d.r1.wbsprt.com\/beservice.sk\/wp-json\/wp\/v2\/portfolio"}],"about":[{"href":"https:\/\/d.r1.wbsprt.com\/beservice.sk\/wp-json\/wp\/v2\/types\/portfolio"}],"author":[{"embeddable":true,"href":"https:\/\/d.r1.wbsprt.com\/beservice.sk\/wp-json\/wp\/v2\/users\/3"}],"replies":[{"embeddable":true,"href":"https:\/\/d.r1.wbsprt.com\/beservice.sk\/wp-json\/wp\/v2\/comments?post=2051"}],"version-history":[{"count":1,"href":"https:\/\/d.r1.wbsprt.com\/beservice.sk\/wp-json\/wp\/v2\/portfolio\/2051\/revisions"}],"predecessor-version":[{"id":2054,"href":"https:\/\/d.r1.wbsprt.com\/beservice.sk\/wp-json\/wp\/v2\/portfolio\/2051\/revisions\/2054"}],"wp:featuredmedia":[{"embeddable":true,"href":"https:\/\/d.r1.wbsprt.com\/beservice.sk\/wp-json\/wp\/v2\/media\/2053"}],"wp:attachment":[{"href":"https:\/\/d.r1.wbsprt.com\/beservice.sk\/wp-json\/wp\/v2\/media?parent=2051"}],"wp:term":[{"taxonomy":"portfolio_category","embeddable":true,"href":"https:\/\/d.r1.wbsprt.com\/beservice.sk\/wp-json\/wp\/v2\/portfolio_category?post=2051"},{"taxonomy":"portfolio_tag","embeddable":true,"href":"https:\/\/d.r1.wbsprt.com\/beservice.sk\/wp-json\/wp\/v2\/portfolio_tag?post=2051"}],"curies":[{"name":"wp","href":"https:\/\/api.w.org\/{rel}","templated":true}]}}

Oprava a pretesnenie strešného svetlíka a zvislej časti presklenej fasády na objekte Karloveské rameno 6 Bratislava

<!-- This site is optimized with the Yoast SEO plugin v20.10 - https://yoast.com/wordpress/plugins/seo/ -->
<title>Oprava a pretesnenie strešného svetlíka a zvislej časti presklenej fasády na objekte Karloveské rameno 6 Bratislava - beservice.sk</title>
<meta name="description" content="BESERVICE - naše riešenia: Oprava a pretesnenie strešného svetlíka a zvislej časti presklenej fasády na objekte Karloveské rameno 6 Bratislava" />
<meta name="robots" content="index, follow, max-snippet:-1, max-image-preview:large, max-video-preview:-1" />
<link rel="canonical" href="https://beservice.sk/project/oprava-a-pretesnenie-stresneho-svetlika-a-zvislej-casti-presklenej-fasady-na-objekte-karloveske-rameno-6-bratislava/" />
<meta property="og:locale" content="sk_SK" />
<meta property="og:type" content="article" />
<meta property="og:title" content="Oprava a pretesnenie strešného svetlíka a zvislej časti presklenej fasády na objekte Karloveské rameno 6 Bratislava - beservice.sk" />
<meta property="og:description" content="BESERVICE - naše riešenia: Oprava a pretesnenie strešného svetlíka a zvislej časti presklenej fasády na objekte Karloveské rameno 6 Bratislava" />
<meta property="og:url" content="https://beservice.sk/project/oprava-a-pretesnenie-stresneho-svetlika-a-zvislej-casti-presklenej-fasady-na-objekte-karloveske-rameno-6-bratislava/" />
<meta property="og:site_name" content="beservice.sk" />
<meta property="og:image" content="https://beservice.sk/wp-content/uploads/2023/04/Oprava-a-pretesnenie-stresneho-svetlika-a-zvislej-casti-presklenej-fasady-na-objekte-Karloveske-rameno-6-Bratislava.jpg" />
	<meta property="og:image:width" content="350" />
	<meta property="og:image:height" content="467" />
	<meta property="og:image:type" content="image/jpeg" />
<meta name="twitter:card" content="summary_large_image" />
<meta name="twitter:label1" content="Predpokladaný čas čítania" />
	<meta name="twitter:data1" content="1 minúta" />
<script type="application/ld+json" class="yoast-schema-graph">{"@context":"https://schema.org","@graph":[{"@type":"WebPage","@id":"https://beservice.sk/project/oprava-a-pretesnenie-stresneho-svetlika-a-zvislej-casti-presklenej-fasady-na-objekte-karloveske-rameno-6-bratislava/","url":"https://beservice.sk/project/oprava-a-pretesnenie-stresneho-svetlika-a-zvislej-casti-presklenej-fasady-na-objekte-karloveske-rameno-6-bratislava/","name":"Oprava a pretesnenie strešného svetlíka a zvislej časti presklenej fasády na objekte Karloveské rameno 6 Bratislava - beservice.sk","isPartOf":{"@id":"https://beservice.sk/#website"},"datePublished":"2023-04-28T09:35:59+00:00","dateModified":"2023-04-28T09:35:59+00:00","description":"BESERVICE - naše riešenia: Oprava a pretesnenie strešného svetlíka a zvislej časti presklenej fasády na objekte Karloveské rameno 6 Bratislava","breadcrumb":{"@id":"https://beservice.sk/project/oprava-a-pretesnenie-stresneho-svetlika-a-zvislej-casti-presklenej-fasady-na-objekte-karloveske-rameno-6-bratislava/#breadcrumb"},"inLanguage":"sk-SK","potentialAction":[{"@type":"ReadAction","target":["https://beservice.sk/project/oprava-a-pretesnenie-stresneho-svetlika-a-zvislej-casti-presklenej-fasady-na-objekte-karloveske-rameno-6-bratislava/"]}]},{"@type":"BreadcrumbList","@id":"https://beservice.sk/project/oprava-a-pretesnenie-stresneho-svetlika-a-zvislej-casti-presklenej-fasady-na-objekte-karloveske-rameno-6-bratislava/#breadcrumb","itemListElement":[{"@type":"ListItem","position":1,"name":"Home","item":"https://beservice.sk/"},{"@type":"ListItem","position":2,"name":"Oprava a pretesnenie strešného svetlíka a zvislej časti presklenej fasády na objekte Karloveské rameno 6 Bratislava"}]},{"@type":"WebSite","@id":"https://beservice.sk/#website","url":"https://beservice.sk/","name":"beservice.sk","description":"Spoľahlivý partner v oblasti údržby a servisu obvodových plášťov a výplní stavebných otvorov","potentialAction":[{"@type":"SearchAction","target":{"@type":"EntryPoint","urlTemplate":"https://beservice.sk/?s={search_term_string}"},"query-input":"required name=search_term_string"}],"inLanguage":"sk-SK"}]}</script>
<!-- / Yoast SEO plugin. -->

Oprava a pretesnenie strešného svetlíka a zvislej časti presklenej fasády na objekte Karloveské rameno 6 Bratislava - beservice.sk

BESERVICE - naše riešenia: Oprava a pretesnenie strešného svetlíka a zvislej časti presklenej fasády na objekte Karloveské rameno 6 Bratislava

1 minúta

Spoľahlivý partner v oblasti údržby a servisu obvodových plášťov a výplní stavebných otvorov
