{"id":930,"date":"2021-02-26T13:44:09","date_gmt":"2021-02-26T12:44:09","guid":{"rendered":"http:\/\/d.r1.wbsprt.com\/beservice.sk\/?page_id=930"},"modified":"2021-05-13T10:00:01","modified_gmt":"2021-05-13T08:00:01","slug":"obvodove-plaste","status":"publish","type":"page","link":"https:\/\/d.r1.wbsprt.com\/beservice.sk\/obvodove-plaste\/","title":{"rendered":"Obvodov\u00e9 pl\u00e1\u0161te"},"content":{"rendered":"<p>[vc_row row_type=&#8221;row_full_center_content&#8221; bg_image=&#8221;422&#8243; bg_position=&#8221;center center&#8221; row_parallax=&#8221;false&#8221; row_text_color=&#8221;row_text_light&#8221; padding_top=&#8221;150&#8243; padding_bottom=&#8221;150&#8243;][vc_column css=&#8221;.vc_custom_1558517820316{padding-top: 20px !important;padding-right: 20px !important;padding-bottom: 20px !important;padding-left: 20px !important;background-color: rgba(255,255,255,0.79) !important;*background-color: rgb(255,255,255) !important;}&#8221;][vc_empty_space]\n\t<div class=\"custom-heading wpb_content_element  text-center\">\n\t\t<h2 class=\"heading-title\" >PRE\u010cO REALIZOVA\u0164 \u00daDR\u017dBU A SERVIS OBVODOV\u00ddCH PL\u00c1\u0160\u0164OV<\/h2>\n\t\t<span class=\"heading-line primary\"><\/span>\n\t<\/div>[vc_column_text]<\/p>\n<h3 style=\"text-align: center;\">Od 90-tych rokov sa na na\u0161om \u00fazem\u00ed zrealizovalo mno\u017estvo objektov. Kon\u0161truk\u010dn\u00e9 rie\u0161enie ich obvodov\u00fdch pl\u00e1\u0161\u0165ov vznikalo na z\u00e1klade po\u017eiadaviek investorov a architektov v zmysle aktu\u00e1lneho trendu v\u00fdvoja nov\u00fdch produktov.<\/h3>\n<p>[\/vc_column_text][vc_empty_space][\/vc_column][\/vc_row][vc_row row_type=&#8221;row_full_center_content&#8221; padding_top=&#8221;50&#8243; padding_bottom=&#8221;50&#8243;][vc_column]\n\t<div class=\"custom-heading wpb_content_element  text-center\">\n\t\t<h2 class=\"heading-title\" >Vplyv poveternostn\u00fdch podmienok<\/h2>\n\t\t<span class=\"heading-line primary\"><\/span>\n\t<\/div>[vc_column_text]<\/p>\n<h3 style=\"text-align: center;\">Postupom \u010dasu produkty vplyvom u\u017e\u00edvania a p\u00f4sobenia poveternostn\u00fdch podmienok za\u010d\u00ednaj\u00fa meni\u0165 svoje vlastnosti a t\u00fdm zhor\u0161uj\u00fa po\u017eadovan\u00fd komfort.<\/h3>\n<p>[\/vc_column_text][vc_row_inner][vc_column_inner width=&#8221;1\/5&#8243;]\n\t<div class=\"iconbox-wrapper  text-center\">\n\t\t<div class=\"iconbox-icon\">\n\t\t\t\t<i class=\"fa fa-sun-o \" style=\"color: #777777;font-size:70px;\"><\/i>\n\t\t<\/div>\n\t\t<h4 class=\"iconbox-heading\">\n\t\t\t\t<a href=\"#\">\u017diarenie<\/a>\n\t\t<\/h4>\n\t<\/div>[\/vc_column_inner][vc_column_inner width=&#8221;1\/5&#8243;]\n\t<div class=\"iconbox-wrapper  text-center\">\n\t\t<div class=\"iconbox-icon\">\n\t\t\t\t<i class=\"fa fa-cloud \" style=\"color: #777777;font-size:70px;\"><\/i>\n\t\t<\/div>\n\t\t<h4 class=\"iconbox-heading\">Vlhkos\u0165\n\t\t<\/h4>\n\t<\/div>[\/vc_column_inner][vc_column_inner width=&#8221;1\/5&#8243;]\n\t<div class=\"iconbox-wrapper  text-center\">\n\t\t<div class=\"iconbox-icon\">\n\t\t\t\t<i class=\"fa fa-bolt \" style=\"color: #777777;font-size:70px;\"><\/i>\n\t\t<\/div>\n\t\t<h4 class=\"iconbox-heading\">Zr\u00e1\u017eky\n\t\t<\/h4>\n\t<\/div>[\/vc_column_inner][vc_column_inner width=&#8221;1\/5&#8243;]\n\t<div class=\"iconbox-wrapper  text-center\">\n\t\t<div class=\"iconbox-icon\">\n\t\t\t\t<i class=\"fa fa-signal \" style=\"color: #777777;font-size:70px;\"><\/i>\n\t\t<\/div>\n\t\t<h4 class=\"iconbox-heading\">Teplota\n\t\t<\/h4>\n\t<\/div>[\/vc_column_inner][vc_column_inner width=&#8221;1\/5&#8243;]\n\t<div class=\"iconbox-wrapper  text-center\">\n\t\t<div class=\"iconbox-icon\">\n\t\t\t\t<i class=\"fa fa-asterisk \" style=\"color: #777777;font-size:70px;\"><\/i>\n\t\t<\/div>\n\t\t<h4 class=\"iconbox-heading\">Za\u0165a\u017eenie\n\t\t<\/h4>\n\t<\/div>[\/vc_column_inner][\/vc_row_inner][\/vc_column][\/vc_row][vc_row row_type=&#8221;row_full_center_content&#8221; bg_image=&#8221;428&#8243; row_parallax=&#8221;false&#8221; row_text_color=&#8221;row_text_light&#8221; padding_top=&#8221;50&#8243; padding_bottom=&#8221;50&#8243;][vc_column css=&#8221;.vc_custom_1614929571558{padding-top: 50px !important;padding-right: 20px !important;padding-bottom: 50px !important;padding-left: 20px !important;background-color: rgba(255,255,255,0.72) !important;*background-color: rgb(255,255,255) !important;}&#8221;]\n\t<div class=\"custom-heading wpb_content_element  text-center\">\n\t\t<h2 class=\"heading-title\" >RIE\u0160ENIE<\/h2>\n\t<\/div>[vc_column_text]<\/p>\n<h3 style=\"text-align: center;\"><span style=\"color: #333333;\">Rie\u0161en\u00edm okrem jednor\u00e1zovej opravy je periodick\u00fd servis, ktor\u00fd zabezpe\u010d\u00ed nielen st\u00e1lu funk\u010dnos\u0165, ale aj zn\u00ed\u017ei po\u010det doposia\u013e opakuj\u00facich sa por\u00fach.<\/span><\/h3>\n<p>[\/vc_column_text][vc_button title=&#8221;Viac o poskytovan\u00fdch slu\u017eb\u00e1ch&#8221; color=&#8221;primary&#8221; position=&#8221;center&#8221; margin_top=&#8221;-20&#8243; link=&#8221;url:https%3A%2F%2Fbeservice.sk%2Fsluzby%2F&#8221;][\/vc_column][\/vc_row][vc_row][vc_column]\n\t<div class=\"custom-heading wpb_content_element  text-center\">\n\t\t<h2 class=\"heading-title\" >Realiz\u00e1cie<\/h2>\n\t\t<span class=\"heading-line primary\"><\/span>\n\t<\/div>[vc_media_grid gap=&#8221;10&#8243; grid_id=&#8221;vc_gid:1620109282569-96dca024-b029-4&#8243; include=&#8221;935,936,937&#8243;][vc_empty_space height=&#8221;50px&#8221;][vc_button title=&#8221;Pozrie\u0165 \u010fal\u0161ie realiz\u00e1cie&#8221; color=&#8221;primary&#8221; position=&#8221;center&#8221; margin_top=&#8221;-20&#8243; link=&#8221;url:https%3A%2F%2Fbeservice.sk%2Fnase-riesenia%2F&#8221;][\/vc_column][\/vc_row]<\/p>\n","protected":false},"excerpt":{"rendered":"<p>[vc_row row_type=&#8221;row_full_center_content&#8221; bg_image=&#8221;422&#8243; bg_position=&#8221;center center&#8221; row_parallax=&#8221;false&#8221; row_text_color=&#8221;row_text_light&#8221; padding_top=&#8221;150&#8243; padding_bottom=&#8221;150&#8243;][vc_column css=&#8221;.vc_custom_1558517820316{padding-top: 20px !important;padding-right: 20px !important;padding-bottom: 20px !important;padding-left: 20px !important;background-color: rgba(255,255,255,0.79) !important;*background-color: rgb(255,255,255) &#8230;<\/p>\n","protected":false},"author":2,"featured_media":0,"parent":0,"menu_order":0,"comment_status":"closed","ping_status":"closed","template":"","meta":{"_mi_skip_tracking":false,"_monsterinsights_sitenote_active":false,"_monsterinsights_sitenote_note":"","_monsterinsights_sitenote_category":0,"footnotes":""},"yoast_head":"<!-- This site is optimized with the Yoast SEO plugin v20.10 - https:\/\/yoast.com\/wordpress\/plugins\/seo\/ -->\n<title>Obvodov\u00e9 pl\u00e1\u0161te - beservice.sk - PRE\u010cO REALIZOVA\u0164 \u00daDR\u017dBU A SERVIS OBVODOV\u00ddCH PL\u00c1\u0160\u0164OV<\/title>\n<meta name=\"description\" content=\"Rie\u0161en\u00edm okrem jednor\u00e1zovej opravy je periodick\u00fd servis, ktor\u00fd zabezpe\u010d\u00ed nielen st\u00e1lu funk\u010dnos\u0165, ale aj zn\u00ed\u017ei po\u010det doposia\u013e opakuj\u00facich sa por\u00fach.\" \/>\n<meta name=\"robots\" content=\"index, follow, max-snippet:-1, max-image-preview:large, max-video-preview:-1\" \/>\n<link rel=\"canonical\" href=\"https:\/\/beservice.sk\/obvodove-plaste\/\" \/>\n<meta property=\"og:locale\" content=\"sk_SK\" \/>\n<meta property=\"og:type\" content=\"article\" \/>\n<meta property=\"og:title\" content=\"Obvodov\u00e9 pl\u00e1\u0161te - beservice.sk - PRE\u010cO REALIZOVA\u0164 \u00daDR\u017dBU A SERVIS OBVODOV\u00ddCH PL\u00c1\u0160\u0164OV\" \/>\n<meta property=\"og:description\" content=\"Rie\u0161en\u00edm okrem jednor\u00e1zovej opravy je periodick\u00fd servis, ktor\u00fd zabezpe\u010d\u00ed nielen st\u00e1lu funk\u010dnos\u0165, ale aj zn\u00ed\u017ei po\u010det doposia\u013e opakuj\u00facich sa por\u00fach.\" \/>\n<meta property=\"og:url\" content=\"https:\/\/beservice.sk\/obvodove-plaste\/\" \/>\n<meta property=\"og:site_name\" content=\"beservice.sk\" \/>\n<meta property=\"article:modified_time\" content=\"2021-05-13T08:00:01+00:00\" \/>\n<meta name=\"twitter:card\" content=\"summary_large_image\" \/>\n<meta name=\"twitter:label1\" content=\"Predpokladan\u00fd \u010das \u010d\u00edtania\" \/>\n\t<meta name=\"twitter:data1\" content=\"1 min\u00fata\" \/>\n<script type=\"application\/ld+json\" class=\"yoast-schema-graph\">{\"@context\":\"https:\/\/schema.org\",\"@graph\":[{\"@type\":\"WebPage\",\"@id\":\"https:\/\/beservice.sk\/obvodove-plaste\/\",\"url\":\"https:\/\/beservice.sk\/obvodove-plaste\/\",\"name\":\"Obvodov\u00e9 pl\u00e1\u0161te - beservice.sk - PRE\u010cO REALIZOVA\u0164 \u00daDR\u017dBU A SERVIS OBVODOV\u00ddCH PL\u00c1\u0160\u0164OV\",\"isPartOf\":{\"@id\":\"https:\/\/beservice.sk\/#website\"},\"datePublished\":\"2021-02-26T12:44:09+00:00\",\"dateModified\":\"2021-05-13T08:00:01+00:00\",\"description\":\"Rie\u0161en\u00edm okrem jednor\u00e1zovej opravy je periodick\u00fd servis, ktor\u00fd zabezpe\u010d\u00ed nielen st\u00e1lu funk\u010dnos\u0165, ale aj zn\u00ed\u017ei po\u010det doposia\u013e opakuj\u00facich sa por\u00fach.\",\"breadcrumb\":{\"@id\":\"https:\/\/beservice.sk\/obvodove-plaste\/#breadcrumb\"},\"inLanguage\":\"sk-SK\",\"potentialAction\":[{\"@type\":\"ReadAction\",\"target\":[\"https:\/\/beservice.sk\/obvodove-plaste\/\"]}]},{\"@type\":\"BreadcrumbList\",\"@id\":\"https:\/\/beservice.sk\/obvodove-plaste\/#breadcrumb\",\"itemListElement\":[{\"@type\":\"ListItem\",\"position\":1,\"name\":\"Home\",\"item\":\"https:\/\/beservice.sk\/\"},{\"@type\":\"ListItem\",\"position\":2,\"name\":\"Obvodov\u00e9 pl\u00e1\u0161te\"}]},{\"@type\":\"WebSite\",\"@id\":\"https:\/\/beservice.sk\/#website\",\"url\":\"https:\/\/beservice.sk\/\",\"name\":\"beservice.sk\",\"description\":\"Spo\u013eahliv\u00fd partner v oblasti \u00fadr\u017eby a servisu obvodov\u00fdch pl\u00e1\u0161\u0165ov a v\u00fdpln\u00ed stavebn\u00fdch otvorov\",\"potentialAction\":[{\"@type\":\"SearchAction\",\"target\":{\"@type\":\"EntryPoint\",\"urlTemplate\":\"https:\/\/beservice.sk\/?s={search_term_string}\"},\"query-input\":\"required name=search_term_string\"}],\"inLanguage\":\"sk-SK\"}]}<\/script>\n<!-- \/ Yoast SEO plugin. -->","yoast_head_json":{"title":"Obvodov\u00e9 pl\u00e1\u0161te - beservice.sk - PRE\u010cO REALIZOVA\u0164 \u00daDR\u017dBU A SERVIS OBVODOV\u00ddCH PL\u00c1\u0160\u0164OV","description":"Rie\u0161en\u00edm okrem jednor\u00e1zovej opravy je periodick\u00fd servis, ktor\u00fd zabezpe\u010d\u00ed nielen st\u00e1lu funk\u010dnos\u0165, ale aj zn\u00ed\u017ei po\u010det doposia\u013e opakuj\u00facich sa por\u00fach.","robots":{"index":"index","follow":"follow","max-snippet":"max-snippet:-1","max-image-preview":"max-image-preview:large","max-video-preview":"max-video-preview:-1"},"canonical":"https:\/\/beservice.sk\/obvodove-plaste\/","og_locale":"sk_SK","og_type":"article","og_title":"Obvodov\u00e9 pl\u00e1\u0161te - beservice.sk - PRE\u010cO REALIZOVA\u0164 \u00daDR\u017dBU A SERVIS OBVODOV\u00ddCH PL\u00c1\u0160\u0164OV","og_description":"Rie\u0161en\u00edm okrem jednor\u00e1zovej opravy je periodick\u00fd servis, ktor\u00fd zabezpe\u010d\u00ed nielen st\u00e1lu funk\u010dnos\u0165, ale aj zn\u00ed\u017ei po\u010det doposia\u013e opakuj\u00facich sa por\u00fach.","og_url":"https:\/\/beservice.sk\/obvodove-plaste\/","og_site_name":"beservice.sk","article_modified_time":"2021-05-13T08:00:01+00:00","twitter_card":"summary_large_image","twitter_misc":{"Predpokladan\u00fd \u010das \u010d\u00edtania":"1 min\u00fata"},"schema":{"@context":"https:\/\/schema.org","@graph":[{"@type":"WebPage","@id":"https:\/\/beservice.sk\/obvodove-plaste\/","url":"https:\/\/beservice.sk\/obvodove-plaste\/","name":"Obvodov\u00e9 pl\u00e1\u0161te - beservice.sk - PRE\u010cO REALIZOVA\u0164 \u00daDR\u017dBU A SERVIS OBVODOV\u00ddCH PL\u00c1\u0160\u0164OV","isPartOf":{"@id":"https:\/\/beservice.sk\/#website"},"datePublished":"2021-02-26T12:44:09+00:00","dateModified":"2021-05-13T08:00:01+00:00","description":"Rie\u0161en\u00edm okrem jednor\u00e1zovej opravy je periodick\u00fd servis, ktor\u00fd zabezpe\u010d\u00ed nielen st\u00e1lu funk\u010dnos\u0165, ale aj zn\u00ed\u017ei po\u010det doposia\u013e opakuj\u00facich sa por\u00fach.","breadcrumb":{"@id":"https:\/\/beservice.sk\/obvodove-plaste\/#breadcrumb"},"inLanguage":"sk-SK","potentialAction":[{"@type":"ReadAction","target":["https:\/\/beservice.sk\/obvodove-plaste\/"]}]},{"@type":"BreadcrumbList","@id":"https:\/\/beservice.sk\/obvodove-plaste\/#breadcrumb","itemListElement":[{"@type":"ListItem","position":1,"name":"Home","item":"https:\/\/beservice.sk\/"},{"@type":"ListItem","position":2,"name":"Obvodov\u00e9 pl\u00e1\u0161te"}]},{"@type":"WebSite","@id":"https:\/\/beservice.sk\/#website","url":"https:\/\/beservice.sk\/","name":"beservice.sk","description":"Spo\u013eahliv\u00fd partner v oblasti \u00fadr\u017eby a servisu obvodov\u00fdch pl\u00e1\u0161\u0165ov a v\u00fdpln\u00ed stavebn\u00fdch otvorov","potentialAction":[{"@type":"SearchAction","target":{"@type":"EntryPoint","urlTemplate":"https:\/\/beservice.sk\/?s={search_term_string}"},"query-input":"required name=search_term_string"}],"inLanguage":"sk-SK"}]}},"_links":{"self":[{"href":"https:\/\/d.r1.wbsprt.com\/beservice.sk\/wp-json\/wp\/v2\/pages\/930"}],"collection":[{"href":"https:\/\/d.r1.wbsprt.com\/beservice.sk\/wp-json\/wp\/v2\/pages"}],"about":[{"href":"https:\/\/d.r1.wbsprt.com\/beservice.sk\/wp-json\/wp\/v2\/types\/page"}],"author":[{"embeddable":true,"href":"https:\/\/d.r1.wbsprt.com\/beservice.sk\/wp-json\/wp\/v2\/users\/2"}],"replies":[{"embeddable":true,"href":"https:\/\/d.r1.wbsprt.com\/beservice.sk\/wp-json\/wp\/v2\/comments?post=930"}],"version-history":[{"count":6,"href":"https:\/\/d.r1.wbsprt.com\/beservice.sk\/wp-json\/wp\/v2\/pages\/930\/revisions"}],"predecessor-version":[{"id":1797,"href":"https:\/\/d.r1.wbsprt.com\/beservice.sk\/wp-json\/wp\/v2\/pages\/930\/revisions\/1797"}],"wp:attachment":[{"href":"https:\/\/d.r1.wbsprt.com\/beservice.sk\/wp-json\/wp\/v2\/media?parent=930"}],"curies":[{"name":"wp","href":"https:\/\/api.w.org\/{rel}","templated":true}]}}