{"id":13,"date":"2021-02-18T12:58:50","date_gmt":"2021-02-18T11:58:50","guid":{"rendered":"http:\/\/d.r1.wbsprt.com\/beservice.sk\/?page_id=13"},"modified":"2021-05-13T10:49:14","modified_gmt":"2021-05-13T08:49:14","slug":"referencie","status":"publish","type":"page","link":"https:\/\/d.r1.wbsprt.com\/beservice.sk\/referencie\/","title":{"rendered":"Referencie"},"content":{"rendered":"<p>[vc_row row_type=&#8221;row_full_center_content&#8221; bg_image=&#8221;429&#8243; bg_position=&#8221;center center&#8221; row_parallax=&#8221;false&#8221; padding_top=&#8221;200&#8243; padding_bottom=&#8221;200&#8243;][vc_column css=&#8221;.vc_custom_1558528515670{padding-top: 50px !important;padding-right: 20px !important;padding-bottom: 50px !important;padding-left: 20px !important;background-color: rgba(255,255,255,0.72) !important;*background-color: rgb(255,255,255) !important;}&#8221;]\n\t<div class=\"custom-heading wpb_content_element  text-center\" style=\"margin-bottom: -10px;\">\n\t\t<h2 class=\"heading-title\" >NA\u0160E REFERENCIE<\/h2>\n\t\t<span class=\"heading-line primary\"><\/span>\n\t<\/div>[vc_empty_space][vc_column_text]<\/p>\n<h3 style=\"text-align: center;\">Na\u0161u odbornos\u0165 a profesionalitu dokazuj\u00fa tis\u00edcky spokojn\u00fdch z\u00e1kazn\u00edkov z r\u00f4znych oblast\u00ed p\u00f4sobenia.<\/h3>\n<p>[\/vc_column_text][\/vc_column][\/vc_row][vc_row row_type=&#8221;row_full_center_content&#8221;][vc_column width=&#8221;1\/2&#8243;][vc_icon icon_fontawesome=&#8221;fas fa-store-alt&#8221; color=&#8221;custom&#8221; size=&#8221;lg&#8221; custom_color=&#8221;#8dbf20&#8243; link=&#8221;url:https%3A%2F%2Fbeservice.sk%2Fobjekty%2F&#8221;][vc_column_text]<\/p>\n<h2 style=\"margin-top: -25px; margin-bottom: 0px;\">Objekty<\/h2>\n<p>[\/vc_column_text][vc_hoverbox image=&#8221;1218&#8243; primary_title=&#8221;&#8221; hover_title=&#8221;&#8221; hover_title_use_theme_fonts=&#8221;yes&#8221; shape=&#8221;square&#8221; hover_btn_title=&#8221;POZRIE\u0164&#8221; css_animation=&#8221;fadeInDown&#8221; use_custom_fonts_primary_title=&#8221;true&#8221; use_custom_fonts_hover_title=&#8221;true&#8221; hover_add_button=&#8221;true&#8221; hover_title_link=&#8221;url:https%3A%2F%2Fbeservice.sk%2Fobjekty%2F&#8221; hover_btn_link=&#8221;url:https%3A%2F%2Fbeservice.sk%2Fobjekty%2F&#8221;]Ka\u017ed\u00e1 na\u0161a realiz\u00e1cia ukr\u00fdva individu\u00e1lny pr\u00edstup a profesion\u00e1lne vypracovanie n\u00e1vrhu optim\u00e1lneho rie\u0161enia bez oh\u013eadu na to, o\u00a0ak\u00fd typ objektu ide.[\/vc_hoverbox][\/vc_column][vc_column width=&#8221;1\/2&#8243;][vc_icon icon_fontawesome=&#8221;fas fa-city&#8221; color=&#8221;custom&#8221; size=&#8221;lg&#8221; custom_color=&#8221;#8dbf20&#8243; link=&#8221;url:https%3A%2F%2Fbeservice.sk%2Fnase-riesenia%2F&#8221;][vc_column_text]<\/p>\n<h2 style=\"margin-top: -25px; margin-bottom: 0px;\">Na\u0161e rie\u0161enia<\/h2>\n<p>[\/vc_column_text][vc_hoverbox image=&#8221;1126&#8243; primary_title=&#8221;&#8221; hover_title=&#8221;Na\u0161e rie\u0161enia&#8221; hover_title_use_theme_fonts=&#8221;yes&#8221; shape=&#8221;square&#8221; hover_btn_title=&#8221;POZRIE\u0164&#8221; css_animation=&#8221;fadeInDown&#8221; use_custom_fonts_primary_title=&#8221;true&#8221; use_custom_fonts_hover_title=&#8221;true&#8221; hover_add_button=&#8221;true&#8221; hover_title_link=&#8221;url:https%3A%2F%2Fbeservice.sk%2Fnase-riesenia%2F&#8221; hover_btn_link=&#8221;url:https%3A%2F%2Fbeservice.sk%2Fnase-riesenia%2F&#8221;]\u010co naj\u010dastej\u0161ie rie\u0161ime u na\u0161ich klientov?[\/vc_hoverbox][\/vc_column][\/vc_row]<\/p>\n","protected":false},"excerpt":{"rendered":"<p>[vc_row row_type=&#8221;row_full_center_content&#8221; bg_image=&#8221;429&#8243; bg_position=&#8221;center center&#8221; row_parallax=&#8221;false&#8221; padding_top=&#8221;200&#8243; padding_bottom=&#8221;200&#8243;][vc_column css=&#8221;.vc_custom_1558528515670{padding-top: 50px !important;padding-right: 20px !important;padding-bottom: 50px !important;padding-left: 20px !important;background-color: rgba(255,255,255,0.72) !important;*background-color: rgb(255,255,255) !important;}&#8221;][vc_empty_space][vc_column_text] &#8230;<\/p>\n","protected":false},"author":3,"featured_media":0,"parent":0,"menu_order":0,"comment_status":"closed","ping_status":"closed","template":"","meta":{"_mi_skip_tracking":false,"_monsterinsights_sitenote_active":false,"_monsterinsights_sitenote_note":"","_monsterinsights_sitenote_category":0,"footnotes":""},"yoast_head":"<!-- This site is optimized with the Yoast SEO plugin v20.10 - https:\/\/yoast.com\/wordpress\/plugins\/seo\/ -->\n<title>Referencie - beservice.sk - na\u0161e realiz\u00e1cie a rie\u0161enia objektov<\/title>\n<meta name=\"description\" content=\"Na\u0161u odbornos\u0165 a profesionalitu dokazuj\u00fa tis\u00edcky spokojn\u00fdch z\u00e1kazn\u00edkov z r\u00f4znych oblast\u00ed p\u00f4sobenia. Ka\u017ed\u00e1 na\u0161a realiz\u00e1cia ukr\u00fdva individu\u00e1lny pr\u00edstup a profesion\u00e1lne vypracovanie n\u00e1vrhu optim\u00e1lneho rie\u0161enia\" \/>\n<meta name=\"robots\" content=\"index, follow, max-snippet:-1, max-image-preview:large, max-video-preview:-1\" \/>\n<link rel=\"canonical\" href=\"https:\/\/beservice.sk\/referencie\/\" \/>\n<meta property=\"og:locale\" content=\"sk_SK\" \/>\n<meta property=\"og:type\" content=\"article\" \/>\n<meta property=\"og:title\" content=\"Referencie - beservice.sk - na\u0161e realiz\u00e1cie a rie\u0161enia objektov\" \/>\n<meta property=\"og:description\" content=\"Na\u0161u odbornos\u0165 a profesionalitu dokazuj\u00fa tis\u00edcky spokojn\u00fdch z\u00e1kazn\u00edkov z r\u00f4znych oblast\u00ed p\u00f4sobenia. Ka\u017ed\u00e1 na\u0161a realiz\u00e1cia ukr\u00fdva individu\u00e1lny pr\u00edstup a profesion\u00e1lne vypracovanie n\u00e1vrhu optim\u00e1lneho rie\u0161enia\" \/>\n<meta property=\"og:url\" content=\"https:\/\/beservice.sk\/referencie\/\" \/>\n<meta property=\"og:site_name\" content=\"beservice.sk\" \/>\n<meta property=\"article:modified_time\" content=\"2021-05-13T08:49:14+00:00\" \/>\n<meta name=\"twitter:card\" content=\"summary_large_image\" \/>\n<meta name=\"twitter:label1\" content=\"Predpokladan\u00fd \u010das \u010d\u00edtania\" \/>\n\t<meta name=\"twitter:data1\" content=\"1 min\u00fata\" \/>\n<script type=\"application\/ld+json\" class=\"yoast-schema-graph\">{\"@context\":\"https:\/\/schema.org\",\"@graph\":[{\"@type\":\"WebPage\",\"@id\":\"https:\/\/beservice.sk\/referencie\/\",\"url\":\"https:\/\/beservice.sk\/referencie\/\",\"name\":\"Referencie - beservice.sk - na\u0161e realiz\u00e1cie a rie\u0161enia objektov\",\"isPartOf\":{\"@id\":\"https:\/\/beservice.sk\/#website\"},\"datePublished\":\"2021-02-18T11:58:50+00:00\",\"dateModified\":\"2021-05-13T08:49:14+00:00\",\"description\":\"Na\u0161u odbornos\u0165 a profesionalitu dokazuj\u00fa tis\u00edcky spokojn\u00fdch z\u00e1kazn\u00edkov z r\u00f4znych oblast\u00ed p\u00f4sobenia. Ka\u017ed\u00e1 na\u0161a realiz\u00e1cia ukr\u00fdva individu\u00e1lny pr\u00edstup a profesion\u00e1lne vypracovanie n\u00e1vrhu optim\u00e1lneho rie\u0161enia\",\"breadcrumb\":{\"@id\":\"https:\/\/beservice.sk\/referencie\/#breadcrumb\"},\"inLanguage\":\"sk-SK\",\"potentialAction\":[{\"@type\":\"ReadAction\",\"target\":[\"https:\/\/beservice.sk\/referencie\/\"]}]},{\"@type\":\"BreadcrumbList\",\"@id\":\"https:\/\/beservice.sk\/referencie\/#breadcrumb\",\"itemListElement\":[{\"@type\":\"ListItem\",\"position\":1,\"name\":\"Home\",\"item\":\"https:\/\/beservice.sk\/\"},{\"@type\":\"ListItem\",\"position\":2,\"name\":\"Referencie\"}]},{\"@type\":\"WebSite\",\"@id\":\"https:\/\/beservice.sk\/#website\",\"url\":\"https:\/\/beservice.sk\/\",\"name\":\"beservice.sk\",\"description\":\"Spo\u013eahliv\u00fd partner v oblasti \u00fadr\u017eby a servisu obvodov\u00fdch pl\u00e1\u0161\u0165ov a v\u00fdpln\u00ed stavebn\u00fdch otvorov\",\"potentialAction\":[{\"@type\":\"SearchAction\",\"target\":{\"@type\":\"EntryPoint\",\"urlTemplate\":\"https:\/\/beservice.sk\/?s={search_term_string}\"},\"query-input\":\"required name=search_term_string\"}],\"inLanguage\":\"sk-SK\"}]}<\/script>\n<!-- \/ Yoast SEO plugin. -->","yoast_head_json":{"title":"Referencie - beservice.sk - na\u0161e realiz\u00e1cie a rie\u0161enia objektov","description":"Na\u0161u odbornos\u0165 a profesionalitu dokazuj\u00fa tis\u00edcky spokojn\u00fdch z\u00e1kazn\u00edkov z r\u00f4znych oblast\u00ed p\u00f4sobenia. Ka\u017ed\u00e1 na\u0161a realiz\u00e1cia ukr\u00fdva individu\u00e1lny pr\u00edstup a profesion\u00e1lne vypracovanie n\u00e1vrhu optim\u00e1lneho rie\u0161enia","robots":{"index":"index","follow":"follow","max-snippet":"max-snippet:-1","max-image-preview":"max-image-preview:large","max-video-preview":"max-video-preview:-1"},"canonical":"https:\/\/beservice.sk\/referencie\/","og_locale":"sk_SK","og_type":"article","og_title":"Referencie - beservice.sk - na\u0161e realiz\u00e1cie a rie\u0161enia objektov","og_description":"Na\u0161u odbornos\u0165 a profesionalitu dokazuj\u00fa tis\u00edcky spokojn\u00fdch z\u00e1kazn\u00edkov z r\u00f4znych oblast\u00ed p\u00f4sobenia. Ka\u017ed\u00e1 na\u0161a realiz\u00e1cia ukr\u00fdva individu\u00e1lny pr\u00edstup a profesion\u00e1lne vypracovanie n\u00e1vrhu optim\u00e1lneho rie\u0161enia","og_url":"https:\/\/beservice.sk\/referencie\/","og_site_name":"beservice.sk","article_modified_time":"2021-05-13T08:49:14+00:00","twitter_card":"summary_large_image","twitter_misc":{"Predpokladan\u00fd \u010das \u010d\u00edtania":"1 min\u00fata"},"schema":{"@context":"https:\/\/schema.org","@graph":[{"@type":"WebPage","@id":"https:\/\/beservice.sk\/referencie\/","url":"https:\/\/beservice.sk\/referencie\/","name":"Referencie - beservice.sk - na\u0161e realiz\u00e1cie a rie\u0161enia objektov","isPartOf":{"@id":"https:\/\/beservice.sk\/#website"},"datePublished":"2021-02-18T11:58:50+00:00","dateModified":"2021-05-13T08:49:14+00:00","description":"Na\u0161u odbornos\u0165 a profesionalitu dokazuj\u00fa tis\u00edcky spokojn\u00fdch z\u00e1kazn\u00edkov z r\u00f4znych oblast\u00ed p\u00f4sobenia. Ka\u017ed\u00e1 na\u0161a realiz\u00e1cia ukr\u00fdva individu\u00e1lny pr\u00edstup a profesion\u00e1lne vypracovanie n\u00e1vrhu optim\u00e1lneho rie\u0161enia","breadcrumb":{"@id":"https:\/\/beservice.sk\/referencie\/#breadcrumb"},"inLanguage":"sk-SK","potentialAction":[{"@type":"ReadAction","target":["https:\/\/beservice.sk\/referencie\/"]}]},{"@type":"BreadcrumbList","@id":"https:\/\/beservice.sk\/referencie\/#breadcrumb","itemListElement":[{"@type":"ListItem","position":1,"name":"Home","item":"https:\/\/beservice.sk\/"},{"@type":"ListItem","position":2,"name":"Referencie"}]},{"@type":"WebSite","@id":"https:\/\/beservice.sk\/#website","url":"https:\/\/beservice.sk\/","name":"beservice.sk","description":"Spo\u013eahliv\u00fd partner v oblasti \u00fadr\u017eby a servisu obvodov\u00fdch pl\u00e1\u0161\u0165ov a v\u00fdpln\u00ed stavebn\u00fdch otvorov","potentialAction":[{"@type":"SearchAction","target":{"@type":"EntryPoint","urlTemplate":"https:\/\/beservice.sk\/?s={search_term_string}"},"query-input":"required name=search_term_string"}],"inLanguage":"sk-SK"}]}},"_links":{"self":[{"href":"https:\/\/d.r1.wbsprt.com\/beservice.sk\/wp-json\/wp\/v2\/pages\/13"}],"collection":[{"href":"https:\/\/d.r1.wbsprt.com\/beservice.sk\/wp-json\/wp\/v2\/pages"}],"about":[{"href":"https:\/\/d.r1.wbsprt.com\/beservice.sk\/wp-json\/wp\/v2\/types\/page"}],"author":[{"embeddable":true,"href":"https:\/\/d.r1.wbsprt.com\/beservice.sk\/wp-json\/wp\/v2\/users\/3"}],"replies":[{"embeddable":true,"href":"https:\/\/d.r1.wbsprt.com\/beservice.sk\/wp-json\/wp\/v2\/comments?post=13"}],"version-history":[{"count":6,"href":"https:\/\/d.r1.wbsprt.com\/beservice.sk\/wp-json\/wp\/v2\/pages\/13\/revisions"}],"predecessor-version":[{"id":1785,"href":"https:\/\/d.r1.wbsprt.com\/beservice.sk\/wp-json\/wp\/v2\/pages\/13\/revisions\/1785"}],"wp:attachment":[{"href":"https:\/\/d.r1.wbsprt.com\/beservice.sk\/wp-json\/wp\/v2\/media?parent=13"}],"curies":[{"name":"wp","href":"https:\/\/api.w.org\/{rel}","templated":true}]}}